{"id":952,"date":"2023-02-13T20:21:09","date_gmt":"2023-02-13T20:21:09","guid":{"rendered":"https:\/\/folklorisce.si\/?page_id=952"},"modified":"2024-01-05T10:02:41","modified_gmt":"2024-01-05T10:02:41","slug":"crjanske-pravljice","status":"publish","type":"page","link":"https:\/\/folklorisce.si\/?page_id=952","title":{"rendered":"OTRO\u0160KE IGRE"},"content":{"rendered":"\n<p>Ob \u0161tirideseti obletnici Folklornega dru\u0161tva Lancova je iz\u0161la knjiga\u00a0z naslovom\u00a0<strong>V\u010deraj za danes in jutri<\/strong>\u00a0avtorice Ne\u017eke Lubej in soavtorice Barbare Sitar. Knjiga poleg opisov predstavlja <strong>razli\u010dne ljudske igre<\/strong> tudi preko video vsebin, natan\u010dneje 40 odraslih in 40 otro\u0161kih iger.\u00a0Izbor nekaterih otro\u0161kih iger iz njihove zbirke objavljamo kot dober primer u\u010dnega gradiva za popestritev vsebin folklornega kro\u017eka ali pouka. <\/p>\n\n\n<table width=\"100%\">\n<tr>\n<td align=\"left\" valign=\"top\" width=\"25%\">\n\n\n<figure class=\"wp-block-embed is-type-video is-provider-youtube wp-block-embed-youtube wp-embed-aspect-16-9 wp-has-aspect-ratio\"><div class=\"wp-block-embed__wrapper\">\n<iframe loading=\"lazy\" title=\"Ljudske igre- Razbojniki in \u017eandarji, FD Lancova vas\" width=\"780\" height=\"439\" src=\"https:\/\/www.youtube.com\/embed\/uUPoR_oTlVs?feature=oembed\" frameborder=\"0\" allow=\"accelerometer; autoplay; clipboard-write; encrypted-media; gyroscope; picture-in-picture; web-share\" allowfullscreen><\/iframe>\n<\/div><\/figure>\n\n\n<\/td>\n<td align=\"left\" valign=\"top\" width=\"25%\">\n\n\n<figure class=\"wp-block-embed is-type-video is-provider-youtube wp-block-embed-youtube wp-embed-aspect-16-9 wp-has-aspect-ratio\"><div class=\"wp-block-embed__wrapper\">\n<iframe loading=\"lazy\" title=\"Ljudske igre- \u017divi stol, FD Lancova vas\" width=\"780\" height=\"439\" src=\"https:\/\/www.youtube.com\/embed\/mEvK3If2MiM?feature=oembed\" frameborder=\"0\" allow=\"accelerometer; autoplay; clipboard-write; encrypted-media; gyroscope; picture-in-picture; web-share\" allowfullscreen><\/iframe>\n<\/div><\/figure>\n\n\n<\/td>\n<td align=\"left\" valign=\"top\" width=\"25%\">\n\n\n<figure class=\"wp-block-embed is-type-video is-provider-youtube wp-block-embed-youtube wp-embed-aspect-16-9 wp-has-aspect-ratio\"><div class=\"wp-block-embed__wrapper\">\n<iframe loading=\"lazy\" title=\"Ljudske igre- Liki za dva, FD Lancova vas\" width=\"780\" height=\"439\" src=\"https:\/\/www.youtube.com\/embed\/j3p2ISg80ck?feature=oembed\" frameborder=\"0\" allow=\"accelerometer; autoplay; clipboard-write; encrypted-media; gyroscope; picture-in-picture; web-share\" allowfullscreen><\/iframe>\n<\/div><\/figure>\n\n\n<\/td>\n<td align=\"left\" valign=\"top\" width=\"25%\">\n\n\n<figure class=\"wp-block-embed is-type-video is-provider-youtube wp-block-embed-youtube wp-embed-aspect-16-9 wp-has-aspect-ratio\"><div class=\"wp-block-embed__wrapper\">\n<iframe loading=\"lazy\" title=\"Ljudske igre- Goske, FD Lancova vas\" width=\"780\" height=\"439\" src=\"https:\/\/www.youtube.com\/embed\/haso8tyAk4c?feature=oembed\" frameborder=\"0\" allow=\"accelerometer; autoplay; clipboard-write; encrypted-media; gyroscope; picture-in-picture; web-share\" allowfullscreen><\/iframe>\n<\/div><\/figure>\n\n\n<\/td>\n<\/tr>\n<\/table>\n<table width=\"100%\">\n<tr>\n<td align=\"left\" valign=\"top\" width=\"25%\">\n\n\n<figure class=\"wp-block-embed is-type-video is-provider-youtube wp-block-embed-youtube wp-embed-aspect-16-9 wp-has-aspect-ratio\"><div class=\"wp-block-embed__wrapper\">\n<iframe loading=\"lazy\" title=\"Ljudske igre- Samokolnica, FD Lancova vas\" width=\"780\" height=\"439\" src=\"https:\/\/www.youtube.com\/embed\/gjd_lYFth24?feature=oembed\" frameborder=\"0\" allow=\"accelerometer; autoplay; clipboard-write; encrypted-media; gyroscope; picture-in-picture; web-share\" allowfullscreen><\/iframe>\n<\/div><\/figure>\n\n\n<\/td>\n<td align=\"left\" valign=\"top\" width=\"25%\">\n\n\n<figure class=\"wp-block-embed is-type-video is-provider-youtube wp-block-embed-youtube wp-embed-aspect-16-9 wp-has-aspect-ratio\"><div class=\"wp-block-embed__wrapper\">\n<iframe loading=\"lazy\" title=\"Ljudske igre- Nebe\u0161ka lojtra, FD Lancova vas\" width=\"780\" height=\"439\" src=\"https:\/\/www.youtube.com\/embed\/gYJWctK-qS8?feature=oembed\" frameborder=\"0\" allow=\"accelerometer; autoplay; clipboard-write; encrypted-media; gyroscope; picture-in-picture; web-share\" allowfullscreen><\/iframe>\n<\/div><\/figure>\n\n\n<\/td>\n<td align=\"left\" valign=\"top\" width=\"25%\">\n\n\n<figure class=\"wp-block-embed is-type-video is-provider-youtube wp-block-embed-youtube wp-embed-aspect-16-9 wp-has-aspect-ratio\"><div class=\"wp-block-embed__wrapper\">\n<iframe loading=\"lazy\" title=\"Ljudske igre- Mati, mi smo la\u010dni, FD Lancova vas\" width=\"780\" height=\"439\" src=\"https:\/\/www.youtube.com\/embed\/e0_VCu4slM4?feature=oembed\" frameborder=\"0\" allow=\"accelerometer; autoplay; clipboard-write; encrypted-media; gyroscope; picture-in-picture; web-share\" allowfullscreen><\/iframe>\n<\/div><\/figure>\n\n\n<\/td>\n<td align=\"left\" valign=\"top\" width=\"25%\">\n\n\n<figure class=\"wp-block-embed is-type-video is-provider-youtube wp-block-embed-youtube wp-embed-aspect-16-9 wp-has-aspect-ratio\"><div class=\"wp-block-embed__wrapper\">\n<iframe loading=\"lazy\" title=\"Ljudske igre- \u0160karjice brusim, FD Lancova vas\" width=\"780\" height=\"439\" src=\"https:\/\/www.youtube.com\/embed\/djzUyIkXjw4?feature=oembed\" frameborder=\"0\" allow=\"accelerometer; autoplay; clipboard-write; encrypted-media; gyroscope; picture-in-picture; web-share\" allowfullscreen><\/iframe>\n<\/div><\/figure>\n\n\n<\/td>\n<\/tr>\n<\/table>\n<table width=\"100%\">\n<tr>\n<td align=\"left\" valign=\"top\" width=\"25%\">\n\n\n<figure class=\"wp-block-embed is-type-video is-provider-youtube wp-block-embed-youtube wp-embed-aspect-16-9 wp-has-aspect-ratio\"><div class=\"wp-block-embed__wrapper\">\n<iframe loading=\"lazy\" title=\"Ljudske igre- Ribi\u010di, FD Lancova vas\" width=\"780\" height=\"439\" src=\"https:\/\/www.youtube.com\/embed\/ZOdsjJK1G3Y?feature=oembed\" frameborder=\"0\" allow=\"accelerometer; autoplay; clipboard-write; encrypted-media; gyroscope; picture-in-picture; web-share\" allowfullscreen><\/iframe>\n<\/div><\/figure>\n\n\n<\/td>\n<td align=\"left\" valign=\"top\" width=\"25%\">\n\n\n<figure class=\"wp-block-embed is-type-video is-provider-youtube wp-block-embed-youtube wp-embed-aspect-16-9 wp-has-aspect-ratio\"><div class=\"wp-block-embed__wrapper\">\n<iframe loading=\"lazy\" title=\"Ljudske igre- \u0160aljivi ples, FD Lancova vas\" width=\"780\" height=\"439\" src=\"https:\/\/www.youtube.com\/embed\/XkZ9CdO2i_s?feature=oembed\" frameborder=\"0\" allow=\"accelerometer; autoplay; clipboard-write; encrypted-media; gyroscope; picture-in-picture; web-share\" allowfullscreen><\/iframe>\n<\/div><\/figure>\n\n\n<\/td>\n<td align=\"left\" valign=\"top\" width=\"25%\">\n\n\n<figure class=\"wp-block-embed is-type-video is-provider-youtube wp-block-embed-youtube wp-embed-aspect-16-9 wp-has-aspect-ratio\"><div class=\"wp-block-embed__wrapper\">\n<iframe loading=\"lazy\" title=\"Ljudske igre- Tekma s kuhlo, FD Lancova vas\" width=\"780\" height=\"439\" src=\"https:\/\/www.youtube.com\/embed\/O2TDwM6jrWA?feature=oembed\" frameborder=\"0\" allow=\"accelerometer; autoplay; clipboard-write; encrypted-media; gyroscope; picture-in-picture; web-share\" allowfullscreen><\/iframe>\n<\/div><\/figure>\n\n\n<\/td>\n<td align=\"left\" valign=\"top\" width=\"25%\">\n\n\n<figure class=\"wp-block-embed is-type-video is-provider-youtube wp-block-embed-youtube wp-embed-aspect-16-9 wp-has-aspect-ratio\"><div class=\"wp-block-embed__wrapper\">\n<iframe loading=\"lazy\" title=\"Ljudske igre- Hoja \u010dez zapreke, FD Lancova vas\" width=\"780\" height=\"439\" src=\"https:\/\/www.youtube.com\/embed\/MLTGlQ7-zis?feature=oembed\" frameborder=\"0\" allow=\"accelerometer; autoplay; clipboard-write; encrypted-media; gyroscope; picture-in-picture; web-share\" allowfullscreen><\/iframe>\n<\/div><\/figure>\n\n\n<\/td>\n<\/tr>\n<\/table>\n<table width=\"100%\">\n<tr>\n<td align=\"left\" valign=\"top\" width=\"25%\">\n\n\n<figure class=\"wp-block-embed is-type-video is-provider-youtube wp-block-embed-youtube wp-embed-aspect-16-9 wp-has-aspect-ratio\"><div class=\"wp-block-embed__wrapper\">\n<iframe loading=\"lazy\" title=\"Ljudske igre- Jakec, kje si?, FD Lancova vas\" width=\"780\" height=\"439\" src=\"https:\/\/www.youtube.com\/embed\/HD7ROUi5GrU?feature=oembed\" frameborder=\"0\" allow=\"accelerometer; autoplay; clipboard-write; encrypted-media; gyroscope; picture-in-picture; web-share\" allowfullscreen><\/iframe>\n<\/div><\/figure>\n\n\n<\/td>\n<td align=\"left\" valign=\"top\" width=\"25%\">\n\n\n<figure class=\"wp-block-embed is-type-video is-provider-youtube wp-block-embed-youtube wp-embed-aspect-16-9 wp-has-aspect-ratio\"><div class=\"wp-block-embed__wrapper\">\n<iframe loading=\"lazy\" title=\"Ljudske igre- \u0160epasta lisica, FD Lancova vas\" width=\"780\" height=\"439\" src=\"https:\/\/www.youtube.com\/embed\/bCG2o4W5ij4?feature=oembed\" frameborder=\"0\" allow=\"accelerometer; autoplay; clipboard-write; encrypted-media; gyroscope; picture-in-picture; web-share\" allowfullscreen><\/iframe>\n<\/div><\/figure>\n\n\n<\/td>\n<td align=\"left\" valign=\"top\" width=\"25%\">\n\n\n<figure class=\"wp-block-embed is-type-video is-provider-youtube wp-block-embed-youtube wp-embed-aspect-16-9 wp-has-aspect-ratio\"><div class=\"wp-block-embed__wrapper\">\n<iframe loading=\"lazy\" title=\"Ljudske igre- Zamorski ples, FD Lancova vas\" width=\"780\" height=\"439\" src=\"https:\/\/www.youtube.com\/embed\/R2KPqnRn44s?feature=oembed\" frameborder=\"0\" allow=\"accelerometer; autoplay; clipboard-write; encrypted-media; gyroscope; picture-in-picture; web-share\" allowfullscreen><\/iframe>\n<\/div><\/figure>\n\n\n<\/td>\n<td align=\"left\" valign=\"top\" width=\"25%\">\n\n\n<figure class=\"wp-block-embed is-type-video is-provider-youtube wp-block-embed-youtube wp-embed-aspect-16-9 wp-has-aspect-ratio\"><div class=\"wp-block-embed__wrapper\">\n<iframe loading=\"lazy\" title=\"Ljudske igre- Koza klanf, FD Lancova vas\" width=\"780\" height=\"439\" src=\"https:\/\/www.youtube.com\/embed\/LSCI-6NPyVA?feature=oembed\" frameborder=\"0\" allow=\"accelerometer; autoplay; clipboard-write; encrypted-media; gyroscope; picture-in-picture; web-share\" allowfullscreen><\/iframe>\n<\/div><\/figure>\n\n\n<\/td>\n<\/tr>\n<\/table>\n<table width=\"100%\">\n<tr>\n<td align=\"left\" valign=\"top\" width=\"25%\">\n\n\n<figure class=\"wp-block-embed is-type-video is-provider-youtube wp-block-embed-youtube wp-embed-aspect-16-9 wp-has-aspect-ratio\"><div class=\"wp-block-embed__wrapper\">\n<iframe loading=\"lazy\" title=\"Ljudske igre- Gospod Kapucinar, FD Lancova vas\" width=\"780\" height=\"439\" src=\"https:\/\/www.youtube.com\/embed\/Gj4kFV5tZ1c?feature=oembed\" frameborder=\"0\" allow=\"accelerometer; autoplay; clipboard-write; encrypted-media; gyroscope; picture-in-picture; web-share\" allowfullscreen><\/iframe>\n<\/div><\/figure>\n\n\n<\/td>\n<td align=\"left\" valign=\"top\" width=\"25%\">\n\n\n<figure class=\"wp-block-embed is-type-video is-provider-youtube wp-block-embed-youtube wp-embed-aspect-16-9 wp-has-aspect-ratio\"><div class=\"wp-block-embed__wrapper\">\n<iframe loading=\"lazy\" title=\"Ljudske igre- Ma\u010dka in mi\u0161, FD Lancova vas\" width=\"780\" height=\"439\" src=\"https:\/\/www.youtube.com\/embed\/Anc2jhpvP_8?feature=oembed\" frameborder=\"0\" allow=\"accelerometer; autoplay; clipboard-write; encrypted-media; gyroscope; picture-in-picture; web-share\" allowfullscreen><\/iframe>\n<\/div><\/figure>\n\n\n<\/td>\n<td align=\"left\" valign=\"top\" width=\"25%\">\n\n\n<figure class=\"wp-block-embed is-type-video is-provider-youtube wp-block-embed-youtube wp-embed-aspect-16-9 wp-has-aspect-ratio\"><div class=\"wp-block-embed__wrapper\">\n<iframe loading=\"lazy\" title=\"Ljudske igre- Teci, stoj, FD Lancova vas\" width=\"780\" height=\"439\" src=\"https:\/\/www.youtube.com\/embed\/1qI--D1xlUk?feature=oembed\" frameborder=\"0\" allow=\"accelerometer; autoplay; clipboard-write; encrypted-media; gyroscope; picture-in-picture; web-share\" allowfullscreen><\/iframe>\n<\/div><\/figure>\n\n\n<\/td>\n<td align=\"left\" valign=\"top\" width=\"25%\">\n\n\n<figure class=\"wp-block-embed is-type-video is-provider-youtube wp-block-embed-youtube wp-embed-aspect-16-9 wp-has-aspect-ratio\"><div class=\"wp-block-embed__wrapper\">\n<iframe loading=\"lazy\" title=\"Ljudske igre- Hlev, FD Lancova vas\" width=\"780\" height=\"439\" src=\"https:\/\/www.youtube.com\/embed\/zNqNRjGHZmE?feature=oembed\" frameborder=\"0\" allow=\"accelerometer; autoplay; clipboard-write; encrypted-media; gyroscope; picture-in-picture; web-share\" allowfullscreen><\/iframe>\n<\/div><\/figure>\n\n\n<\/td>\n<\/tr>\n<\/table>\n<table width=\"100%\">\n<tr>\n<td align=\"left\" valign=\"top\" width=\"25%\">\n\n\n<figure class=\"wp-block-embed is-type-video is-provider-youtube wp-block-embed-youtube wp-embed-aspect-16-9 wp-has-aspect-ratio\"><div class=\"wp-block-embed__wrapper\">\n<iframe loading=\"lazy\" title=\"Ljudske igre- Rak, FD Lancova vas\" width=\"780\" height=\"439\" src=\"https:\/\/www.youtube.com\/embed\/ZHcDZVprICc?feature=oembed\" frameborder=\"0\" allow=\"accelerometer; autoplay; clipboard-write; encrypted-media; gyroscope; picture-in-picture; web-share\" allowfullscreen><\/iframe>\n<\/div><\/figure>\n\n\n<\/td>\n<td align=\"left\" valign=\"top\" width=\"25%\">\n\n\n<figure class=\"wp-block-embed is-type-video is-provider-youtube wp-block-embed-youtube wp-embed-aspect-16-9 wp-has-aspect-ratio\"><div class=\"wp-block-embed__wrapper\">\n<iframe loading=\"lazy\" title=\"Ljudske igre- Petelin poje, FD Lancova vas\" width=\"780\" height=\"439\" src=\"https:\/\/www.youtube.com\/embed\/Uuv2h0oKROU?feature=oembed\" frameborder=\"0\" allow=\"accelerometer; autoplay; clipboard-write; encrypted-media; gyroscope; picture-in-picture; web-share\" allowfullscreen><\/iframe>\n<\/div><\/figure>\n\n\n<\/td>\n<td align=\"left\" valign=\"top\" width=\"25%\">\n\n\n<figure class=\"wp-block-embed is-type-video is-provider-youtube wp-block-embed-youtube wp-embed-aspect-16-9 wp-has-aspect-ratio\"><div class=\"wp-block-embed__wrapper\">\n<iframe loading=\"lazy\" title=\"Ljudske igre- Ples s slepo mi\u0161jo, FD Lancova vas\" width=\"780\" height=\"439\" src=\"https:\/\/www.youtube.com\/embed\/GTBdzVFinkE?feature=oembed\" frameborder=\"0\" allow=\"accelerometer; autoplay; clipboard-write; encrypted-media; gyroscope; picture-in-picture; web-share\" allowfullscreen><\/iframe>\n<\/div><\/figure>\n\n\n<\/td>\n<td align=\"left\" valign=\"top\" width=\"25%\">\n\n\n<figure class=\"wp-block-embed is-type-video is-provider-youtube wp-block-embed-youtube wp-embed-aspect-16-9 wp-has-aspect-ratio\"><div class=\"wp-block-embed__wrapper\">\n<iframe loading=\"lazy\" title=\"Ljudske igre- \u010carovnija s kockami, FD Lancova vas\" width=\"780\" height=\"439\" src=\"https:\/\/www.youtube.com\/embed\/Fn6Lr2ZCFu8?feature=oembed\" frameborder=\"0\" allow=\"accelerometer; autoplay; clipboard-write; encrypted-media; gyroscope; picture-in-picture; web-share\" allowfullscreen><\/iframe>\n<\/div><\/figure>\n\n\n<\/td>\n<\/tr>\n<\/table>\n<table width=\"100%\">\n<tr>\n<td align=\"left\" valign=\"top\" width=\"25%\">\n\n\n<figure class=\"wp-block-embed is-type-video is-provider-youtube wp-block-embed-youtube wp-embed-aspect-16-9 wp-has-aspect-ratio\"><div class=\"wp-block-embed__wrapper\">\n<iframe loading=\"lazy\" title=\"Ljudske igre- Glade\u017e, burke\u017e, FD Lancova vas\" width=\"780\" height=\"439\" src=\"https:\/\/www.youtube.com\/embed\/Ffq93JvpK3M?feature=oembed\" frameborder=\"0\" allow=\"accelerometer; autoplay; clipboard-write; encrypted-media; gyroscope; picture-in-picture; web-share\" allowfullscreen><\/iframe>\n<\/div><\/figure>\n\n\n<\/td>\n<td align=\"left\" valign=\"top\" width=\"25%\">\n\n\n<figure class=\"wp-block-embed is-type-video is-provider-youtube wp-block-embed-youtube wp-embed-aspect-16-9 wp-has-aspect-ratio\"><div class=\"wp-block-embed__wrapper\">\n<iframe loading=\"lazy\" title=\"Ljudske igre- Zvezde metat, FD Lancova vas\" width=\"780\" height=\"439\" src=\"https:\/\/www.youtube.com\/embed\/4bn1jLzjAKY?feature=oembed\" frameborder=\"0\" allow=\"accelerometer; autoplay; clipboard-write; encrypted-media; gyroscope; picture-in-picture; web-share\" allowfullscreen><\/iframe>\n<\/div><\/figure>\n\n\n<\/td>\n<td align=\"left\" valign=\"top\" width=\"25%\">\n\n\n<figure class=\"wp-block-embed is-type-video is-provider-youtube wp-block-embed-youtube wp-embed-aspect-16-9 wp-has-aspect-ratio\"><div class=\"wp-block-embed__wrapper\">\n<iframe loading=\"lazy\" title=\"Ljudske igre- Rokoborba, FD Lancova vas\" width=\"780\" height=\"439\" src=\"https:\/\/www.youtube.com\/embed\/3j1gK42y1pw?feature=oembed\" frameborder=\"0\" allow=\"accelerometer; autoplay; clipboard-write; encrypted-media; gyroscope; picture-in-picture; web-share\" allowfullscreen><\/iframe>\n<\/div><\/figure>\n\n\n<\/td>\n<td align=\"left\" valign=\"top\" width=\"25%\">\n\n\n<figure class=\"wp-block-embed is-type-video is-provider-youtube wp-block-embed-youtube wp-embed-aspect-16-9 wp-has-aspect-ratio\"><div class=\"wp-block-embed__wrapper\">\n<iframe loading=\"lazy\" title=\"Ljudske igre- Leti, leti, FD Lancova vas\" width=\"780\" height=\"439\" src=\"https:\/\/www.youtube.com\/embed\/3I5EyO8znsQ?feature=oembed\" frameborder=\"0\" allow=\"accelerometer; autoplay; clipboard-write; encrypted-media; gyroscope; picture-in-picture; web-share\" allowfullscreen><\/iframe>\n<\/div><\/figure>\n\n\n<\/td>\n<\/tr>\n<\/table>","protected":false},"excerpt":{"rendered":"<p>Ob \u0161tirideseti obletnici Folklornega dru\u0161tva Lancova je iz\u0161la knjiga\u00a0z naslovom\u00a0V\u010deraj za danes in jutri\u00a0avtorice Ne\u017eke Lubej in soavtorice Barbare Sitar. [&hellip;]<\/p>\n","protected":false},"author":1,"featured_media":0,"parent":0,"menu_order":0,"comment_status":"closed","ping_status":"closed","template":"","meta":{"footnotes":""},"class_list":["post-952","page","type-page","status-publish","hentry"],"_links":{"self":[{"href":"https:\/\/folklorisce.si\/index.php?rest_route=\/wp\/v2\/pages\/952","targetHints":{"allow":["GET"]}}],"collection":[{"href":"https:\/\/folklorisce.si\/index.php?rest_route=\/wp\/v2\/pages"}],"about":[{"href":"https:\/\/folklorisce.si\/index.php?rest_route=\/wp\/v2\/types\/page"}],"author":[{"embeddable":true,"href":"https:\/\/folklorisce.si\/index.php?rest_route=\/wp\/v2\/users\/1"}],"replies":[{"embeddable":true,"href":"https:\/\/folklorisce.si\/index.php?rest_route=%2Fwp%2Fv2%2Fcomments&post=952"}],"version-history":[{"count":42,"href":"https:\/\/folklorisce.si\/index.php?rest_route=\/wp\/v2\/pages\/952\/revisions"}],"predecessor-version":[{"id":1382,"href":"https:\/\/folklorisce.si\/index.php?rest_route=\/wp\/v2\/pages\/952\/revisions\/1382"}],"wp:attachment":[{"href":"https:\/\/folklorisce.si\/index.php?rest_route=%2Fwp%2Fv2%2Fmedia&parent=952"}],"curies":[{"name":"wp","href":"https:\/\/api.w.org\/{rel}","templated":true}]}}