{"id":779,"date":"2022-01-17T20:09:07","date_gmt":"2022-01-17T20:09:07","guid":{"rendered":"https:\/\/folklorisce.si\/?page_id=779"},"modified":"2024-01-05T10:38:31","modified_gmt":"2024-01-05T10:38:31","slug":"kontaktni-podatki-zkdl-2","status":"publish","type":"page","link":"https:\/\/folklorisce.si\/?page_id=779","title":{"rendered":""},"content":{"rendered":"<div id=\"pl-gb779-6a00c6fbe6b88\"  class=\"panel-layout\" ><div id=\"pg-gb779-6a00c6fbe6b88-0\"  class=\"panel-grid panel-no-style\" ><div id=\"pgc-gb779-6a00c6fbe6b88-0-0\"  class=\"panel-grid-cell\" ><div id=\"panel-gb779-6a00c6fbe6b88-0-0-0\" class=\"so-panel widget widget_siteorigin-panels-post-content panel-first-child panel-last-child\" data-index=\"0\" ><h1 class=\"entry-title\"><\/h1><\/div><\/div><\/div><\/div>\n\n\n<p>KONTAKTNI PODATKI<\/p>\n\n\n\n<div class=\"wp-block-media-text is-stacked-on-mobile\" style=\"grid-template-columns:16% auto\"><figure class=\"wp-block-media-text__media\"><img loading=\"lazy\" decoding=\"async\" width=\"304\" height=\"166\" src=\"https:\/\/folklorisce.si\/wp-content\/uploads\/2024\/01\/ZKD-LJ.png\" alt=\"\" class=\"wp-image-1385 size-full\" srcset=\"https:\/\/folklorisce.si\/wp-content\/uploads\/2024\/01\/ZKD-LJ.png 304w, https:\/\/folklorisce.si\/wp-content\/uploads\/2024\/01\/ZKD-LJ-300x164.png 300w\" sizes=\"auto, (max-width: 304px) 100vw, 304px\" \/><\/figure><div class=\"wp-block-media-text__content\">\n<p><strong>Zveza kulturnih dru\u0161tev Ljubljana<\/strong><br>Krekov trg 2<br>1000 Ljubljana<br>E: <a href=\"mailto:info@zkdl.si\">info@zkdl.si<\/a><\/p>\n<\/div><\/div>\n\n\n\n<div style=\"height:20px\" aria-hidden=\"true\" class=\"wp-block-spacer\"><\/div>\n\n\n\n<p>Zveza kulturnih dru\u0161tev Ljubljana &nbsp;je samostojno, prostovoljno in nepridobitno zdru\u017eenje&nbsp; v katero se povezuje 120 ljubiteljskih kulturnih dru\u0161tev iz obmo\u010dja Mestne ob\u010dine Ljubljana. Zveza predstavlja povezovalni \u010dlen vseh dru\u0161tev, prek katerih uveljavljajo svoje skupne potrebe in interese. Zveza jim pri tem pomaga in nudi administrativno, strokovno in finan\u010dno svetovanje.<\/p>\n\n\n\n<hr class=\"wp-block-separator has-alpha-channel-opacity\"\/>\n\n\n\n<div class=\"wp-block-media-text is-stacked-on-mobile\" style=\"grid-template-columns:18% auto\"><figure class=\"wp-block-media-text__media\"><img loading=\"lazy\" decoding=\"async\" width=\"624\" height=\"564\" src=\"https:\/\/folklorisce.si\/wp-content\/uploads\/2024\/01\/Drustvo-UMETI_Logotip_V_zelen.png\" alt=\"\" class=\"wp-image-1389 size-full\" srcset=\"https:\/\/folklorisce.si\/wp-content\/uploads\/2024\/01\/Drustvo-UMETI_Logotip_V_zelen.png 624w, https:\/\/folklorisce.si\/wp-content\/uploads\/2024\/01\/Drustvo-UMETI_Logotip_V_zelen-300x271.png 300w, https:\/\/folklorisce.si\/wp-content\/uploads\/2024\/01\/Drustvo-UMETI_Logotip_V_zelen-600x542.png 600w\" sizes=\"auto, (max-width: 624px) 100vw, 624px\" \/><\/figure><div class=\"wp-block-media-text__content\">\n<div class=\"wp-block-group is-vertical is-layout-flex wp-container-core-group-is-layout-8cf370e7 wp-block-group-is-layout-flex\">\n<p><strong>Dru\u0161tvo Umeti<\/strong><br>\u0160kocjan 58<br>8275 \u0160kocjan<br>E: drustvo.umeti@gmail.com<\/p>\n<\/div>\n<\/div><\/div>\n\n\n\n<div style=\"height:20px\" aria-hidden=\"true\" class=\"wp-block-spacer\"><\/div>\n\n\n\n<p>Dru\u0161tvo Umeti skrbi za podporo in razvoj kulturno-umetni\u0161kih ter sorodnih dejavnosti. Deluje na podro\u010dju kulturne dedi\u0161\u010dine, kulturno-umetni\u0161kih praks, kulturnih in kreativnih industrij, izobra\u017eevanja, turizma, zagovorni\u0161tva nevladnih organizacij, aktivnega delovanja mladih.<\/p>\n","protected":false},"excerpt":{"rendered":"<p>KONTAKTNI PODATKI Zveza kulturnih dru\u0161tev LjubljanaKrekov trg 21000 LjubljanaE: info@zkdl.si Zveza kulturnih dru\u0161tev Ljubljana &nbsp;je samostojno, prostovoljno in nepridobitno zdru\u017eenje&nbsp; [&hellip;]<\/p>\n","protected":false},"author":1,"featured_media":0,"parent":0,"menu_order":0,"comment_status":"closed","ping_status":"closed","template":"page-templates\/full-width.php","meta":{"footnotes":""},"class_list":["post-779","page","type-page","status-publish","hentry"],"_links":{"self":[{"href":"https:\/\/folklorisce.si\/index.php?rest_route=\/wp\/v2\/pages\/779","targetHints":{"allow":["GET"]}}],"collection":[{"href":"https:\/\/folklorisce.si\/index.php?rest_route=\/wp\/v2\/pages"}],"about":[{"href":"https:\/\/folklorisce.si\/index.php?rest_route=\/wp\/v2\/types\/page"}],"author":[{"embeddable":true,"href":"https:\/\/folklorisce.si\/index.php?rest_route=\/wp\/v2\/users\/1"}],"replies":[{"embeddable":true,"href":"https:\/\/folklorisce.si\/index.php?rest_route=%2Fwp%2Fv2%2Fcomments&post=779"}],"version-history":[{"count":13,"href":"https:\/\/folklorisce.si\/index.php?rest_route=\/wp\/v2\/pages\/779\/revisions"}],"predecessor-version":[{"id":1393,"href":"https:\/\/folklorisce.si\/index.php?rest_route=\/wp\/v2\/pages\/779\/revisions\/1393"}],"wp:attachment":[{"href":"https:\/\/folklorisce.si\/index.php?rest_route=%2Fwp%2Fv2%2Fmedia&parent=779"}],"curies":[{"name":"wp","href":"https:\/\/api.w.org\/{rel}","templated":true}]}}