{"id":54,"date":"2022-01-13T20:15:17","date_gmt":"2022-01-13T20:15:17","guid":{"rendered":"https:\/\/folklorisce.si\/?page_id=54"},"modified":"2024-01-12T12:58:32","modified_gmt":"2024-01-12T12:58:32","slug":"prakticnevaje-za-razvijanje-plesnosti-ritma-ter-obcutka-za-prostor-in-soplesalce","status":"publish","type":"page","link":"https:\/\/folklorisce.si\/?page_id=54","title":{"rendered":"PRAKTI\u010cNE VAJE ZA RAZVIJANJE PLESNOSTI, RITMA TER OB\u010cUTKA ZA PROSTOR IN SOPLESALCE"},"content":{"rendered":"\n<p>Pripravila: Anja Verderber<\/p>\n\n\n\n<div style=\"height:30px\" aria-hidden=\"true\" class=\"wp-block-spacer\"><\/div>\n\n\n\n<p>Ritmi\u010dna to\u010dnost, ob\u010dutek za gibanje v skupini in v paru, orientacija v prostoru, sinhronost gibanja, zmo\u017enost hitrega posnemanja  in pomnjenja so ve\u0161\u010dine, ki se jih otroci nau\u010dijo in ki jih razvijajo s\u010dasoma. Pri tem jim lahko pomagamo z vrsto zanimivih nalog, ki jih redno vklju\u010dujemo v vaje.  Naloge so lahko zanimiva aktivnost v sklopu vsakega ogrevanja (navaden tek po krogu popestrimo z razli\u010dnimi ukazi), ali pa jih vklju\u010dimo v dele vaj, ko u\u010dna koncentracija nekoliko popusti. V nadaljevanju je opisanih nekaj osnovnih primerov &#8211; \u0161e ve\u010d prakti\u010dnih nalog pa lahko najdete v seznamu literature <a href=\"https:\/\/folklorisce.si\/?page_id=882\">TUKAJ<\/a>. Redno izvajanje vaj za razvijanje plesnosti, ritma ter ob\u010dutka za prostor in soplesalce bo na dolgi rok obrodilo dobre sadove!<\/p>\n\n\n<div class=\"prva vrsta\">\n<a href=\"https:\/\/folklorisce.si\/?page_id=1399\"><img loading=\"lazy\" decoding=\"async\" width=\"834\" height=\"834\" src=\"https:\/\/folklorisce.si\/wp-content\/uploads\/2024\/01\/Folklorisce_ikone-25.png\" alt=\"\" class=\"wp-image-1398\" style=\"width: 32%;\" srcset=\"https:\/\/folklorisce.si\/wp-content\/uploads\/2024\/01\/Folklorisce_ikone-25.png 834w, https:\/\/folklorisce.si\/wp-content\/uploads\/2024\/01\/Folklorisce_ikone-25-300x300.png 300w, https:\/\/folklorisce.si\/wp-content\/uploads\/2024\/01\/Folklorisce_ikone-25-150x150.png 150w, https:\/\/folklorisce.si\/wp-content\/uploads\/2024\/01\/Folklorisce_ikone-25-768x768.png 768w, https:\/\/folklorisce.si\/wp-content\/uploads\/2024\/01\/Folklorisce_ikone-25-600x600.png 600w, https:\/\/folklorisce.si\/wp-content\/uploads\/2024\/01\/Folklorisce_ikone-25-100x100.png 100w\" sizes=\"auto, (max-width: 834px) 100vw, 834px\" \/><\/a>\n<a href=\"https:\/\/folklorisce.si\/?page_id=1408\"><img loading=\"lazy\" decoding=\"async\" width=\"834\" height=\"834\" src=\"https:\/\/folklorisce.si\/wp-content\/uploads\/2024\/01\/Folklorisce_ikone-24.png\" alt=\"\" class=\"wp-image-1415\" style=\"width: 32%;\" srcset=\"https:\/\/folklorisce.si\/wp-content\/uploads\/2024\/01\/Folklorisce_ikone-24.png 834w, https:\/\/folklorisce.si\/wp-content\/uploads\/2024\/01\/Folklorisce_ikone-24-300x300.png 300w, https:\/\/folklorisce.si\/wp-content\/uploads\/2024\/01\/Folklorisce_ikone-24-150x150.png 150w, https:\/\/folklorisce.si\/wp-content\/uploads\/2024\/01\/Folklorisce_ikone-24-768x768.png 768w, https:\/\/folklorisce.si\/wp-content\/uploads\/2024\/01\/Folklorisce_ikone-24-600x600.png 600w, https:\/\/folklorisce.si\/wp-content\/uploads\/2024\/01\/Folklorisce_ikone-24-100x100.png 100w\" sizes=\"auto, (max-width: 834px) 100vw, 834px\" \/><\/a>\n<a href=\"https:\/\/folklorisce.si\/?page_id=1423\"><img loading=\"lazy\" decoding=\"async\" width=\"834\" height=\"834\" src=\"https:\/\/folklorisce.si\/wp-content\/uploads\/2024\/01\/Folklorisce_ikone-23.png\" alt=\"\" class=\"wp-image-1417\" style=\"width: 32%;\" srcset=\"https:\/\/folklorisce.si\/wp-content\/uploads\/2024\/01\/Folklorisce_ikone-23.png 834w, https:\/\/folklorisce.si\/wp-content\/uploads\/2024\/01\/Folklorisce_ikone-23-300x300.png 300w, https:\/\/folklorisce.si\/wp-content\/uploads\/2024\/01\/Folklorisce_ikone-23-150x150.png 150w, https:\/\/folklorisce.si\/wp-content\/uploads\/2024\/01\/Folklorisce_ikone-23-768x768.png 768w, https:\/\/folklorisce.si\/wp-content\/uploads\/2024\/01\/Folklorisce_ikone-23-600x600.png 600w, https:\/\/folklorisce.si\/wp-content\/uploads\/2024\/01\/Folklorisce_ikone-23-100x100.png 100w\" sizes=\"auto, (max-width: 834px) 100vw, 834px\" \/><\/a>\n<\/div>\n\n<div class=\"druga vrsta\">\n<a href=\"https:\/\/folklorisce.si\/?page_id=1429\"><img loading=\"lazy\" decoding=\"async\" width=\"834\" height=\"834\" src=\"https:\/\/folklorisce.si\/wp-content\/uploads\/2024\/01\/Folklorisce_ikone-22.png\" alt=\"\" class=\"wp-image-1419\" style=\"width: 32%;\" srcset=\"https:\/\/folklorisce.si\/wp-content\/uploads\/2024\/01\/Folklorisce_ikone-22.png 834w, https:\/\/folklorisce.si\/wp-content\/uploads\/2024\/01\/Folklorisce_ikone-22-300x300.png 300w, https:\/\/folklorisce.si\/wp-content\/uploads\/2024\/01\/Folklorisce_ikone-22-150x150.png 150w, https:\/\/folklorisce.si\/wp-content\/uploads\/2024\/01\/Folklorisce_ikone-22-768x768.png 768w, https:\/\/folklorisce.si\/wp-content\/uploads\/2024\/01\/Folklorisce_ikone-22-600x600.png 600w, https:\/\/folklorisce.si\/wp-content\/uploads\/2024\/01\/Folklorisce_ikone-22-100x100.png 100w\" sizes=\"auto, (max-width: 834px) 100vw, 834px\" \/><\/a>\n<a href=\"https:\/\/folklorisce.si\/?page_id=1436\"><img loading=\"lazy\" decoding=\"async\" width=\"834\" height=\"834\" src=\"https:\/\/folklorisce.si\/wp-content\/uploads\/2024\/01\/Folklorisce_ikone-21.png\" alt=\"\" class=\"wp-image-1420\" style=\"width: 32%;\" srcset=\"https:\/\/folklorisce.si\/wp-content\/uploads\/2024\/01\/Folklorisce_ikone-21.png 834w, https:\/\/folklorisce.si\/wp-content\/uploads\/2024\/01\/Folklorisce_ikone-21-300x300.png 300w, https:\/\/folklorisce.si\/wp-content\/uploads\/2024\/01\/Folklorisce_ikone-21-150x150.png 150w, https:\/\/folklorisce.si\/wp-content\/uploads\/2024\/01\/Folklorisce_ikone-21-768x768.png 768w, https:\/\/folklorisce.si\/wp-content\/uploads\/2024\/01\/Folklorisce_ikone-21-600x600.png 600w, https:\/\/folklorisce.si\/wp-content\/uploads\/2024\/01\/Folklorisce_ikone-21-100x100.png 100w\" sizes=\"auto, (max-width: 834px) 100vw, 834px\" \/><\/a>\n<a href=\"https:\/\/folklorisce.si\/?page_id=1442\"><img loading=\"lazy\" decoding=\"async\" width=\"834\" height=\"834\" src=\"https:\/\/folklorisce.si\/wp-content\/uploads\/2024\/01\/Folklorisce_ikone-20.png\" alt=\"\" class=\"wp-image-1421\" style=\"width: 32%;\" srcset=\"https:\/\/folklorisce.si\/wp-content\/uploads\/2024\/01\/Folklorisce_ikone-20.png 834w, https:\/\/folklorisce.si\/wp-content\/uploads\/2024\/01\/Folklorisce_ikone-20-300x300.png 300w, https:\/\/folklorisce.si\/wp-content\/uploads\/2024\/01\/Folklorisce_ikone-20-150x150.png 150w, https:\/\/folklorisce.si\/wp-content\/uploads\/2024\/01\/Folklorisce_ikone-20-768x768.png 768w, https:\/\/folklorisce.si\/wp-content\/uploads\/2024\/01\/Folklorisce_ikone-20-600x600.png 600w, https:\/\/folklorisce.si\/wp-content\/uploads\/2024\/01\/Folklorisce_ikone-20-100x100.png 100w\" sizes=\"auto, (max-width: 834px) 100vw, 834px\" \/><\/a>\n<\/div>\n\n<div class=\"tretja vrsta\">\n<a href=\"https:\/\/folklorisce.si\/?page_id=1446\"><img loading=\"lazy\" decoding=\"async\" width=\"834\" height=\"834\" src=\"https:\/\/folklorisce.si\/wp-content\/uploads\/2024\/01\/Folklorisce_ikone-19.png\" alt=\"\" class=\"wp-image-1422\" style=\"width: 32%; srcset=\"https:\/\/folklorisce.si\/wp-content\/uploads\/2024\/01\/Folklorisce_ikone-19.png 834w, https:\/\/folklorisce.si\/wp-content\/uploads\/2024\/01\/Folklorisce_ikone-19-300x300.png 300w, https:\/\/folklorisce.si\/wp-content\/uploads\/2024\/01\/Folklorisce_ikone-19-150x150.png 150w, https:\/\/folklorisce.si\/wp-content\/uploads\/2024\/01\/Folklorisce_ikone-19-768x768.png 768w, https:\/\/folklorisce.si\/wp-content\/uploads\/2024\/01\/Folklorisce_ikone-19-600x600.png 600w, https:\/\/folklorisce.si\/wp-content\/uploads\/2024\/01\/Folklorisce_ikone-19-100x100.png 100w\" sizes=\"auto, (max-width: 834px) 100vw, 834px\" \/><\/a>\n<a href=\"https:\/\/folklorisce.si\/?page_id=1453\"><img loading=\"lazy\" decoding=\"async\" width=\"834\" height=\"834\" src=\"https:\/\/folklorisce.si\/wp-content\/uploads\/2024\/01\/Folklorisce_ikone-18.png\" alt=\"\" class=\"wp-image-1455\" style=\"width: 32%; srcset=\"https:\/\/folklorisce.si\/wp-content\/uploads\/2024\/01\/Folklorisce_ikone-18.png 834w, https:\/\/folklorisce.si\/wp-content\/uploads\/2024\/01\/Folklorisce_ikone-18-300x300.png 300w, https:\/\/folklorisce.si\/wp-content\/uploads\/2024\/01\/Folklorisce_ikone-18-150x150.png 150w, https:\/\/folklorisce.si\/wp-content\/uploads\/2024\/01\/Folklorisce_ikone-18-768x768.png 768w, https:\/\/folklorisce.si\/wp-content\/uploads\/2024\/01\/Folklorisce_ikone-18-600x600.png 600w, https:\/\/folklorisce.si\/wp-content\/uploads\/2024\/01\/Folklorisce_ikone-18-100x100.png 100w\" sizes=\"auto, (max-width: 834px) 100vw, 834px\" \/><\/a>\n<a href=\"https:\/\/folklorisce.si\/?page_id=1457\"><img loading=\"lazy\" decoding=\"async\" width=\"834\" height=\"834\" src=\"https:\/\/folklorisce.si\/wp-content\/uploads\/2024\/01\/Folklorisce_ikone-17.png\" alt=\"\" class=\"wp-image-1460\" style=\"width: 32%; srcset=\"https:\/\/folklorisce.si\/wp-content\/uploads\/2024\/01\/Folklorisce_ikone-17.png 834w, https:\/\/folklorisce.si\/wp-content\/uploads\/2024\/01\/Folklorisce_ikone-17-300x300.png 300w, https:\/\/folklorisce.si\/wp-content\/uploads\/2024\/01\/Folklorisce_ikone-17-150x150.png 150w, https:\/\/folklorisce.si\/wp-content\/uploads\/2024\/01\/Folklorisce_ikone-17-768x768.png 768w, https:\/\/folklorisce.si\/wp-content\/uploads\/2024\/01\/Folklorisce_ikone-17-600x600.png 600w, https:\/\/folklorisce.si\/wp-content\/uploads\/2024\/01\/Folklorisce_ikone-17-100x100.png 100w\" sizes=\"auto, (max-width: 834px) 100vw, 834px\" \/><\/a>\n<\/div>\n\n<div class=\"cetrta vrsta\">\n<a href=\"https:\/\/folklorisce.si\/?page_id=1462\"><img loading=\"lazy\" decoding=\"async\" width=\"834\" height=\"834\" src=\"https:\/\/folklorisce.si\/wp-content\/uploads\/2024\/01\/Folklorisce_ikone-16.png\" alt=\"\" class=\"wp-image-1466\" style=\"width: 32%; srcset=\"https:\/\/folklorisce.si\/wp-content\/uploads\/2024\/01\/Folklorisce_ikone-16.png 834w, https:\/\/folklorisce.si\/wp-content\/uploads\/2024\/01\/Folklorisce_ikone-16-300x300.png 300w, https:\/\/folklorisce.si\/wp-content\/uploads\/2024\/01\/Folklorisce_ikone-16-150x150.png 150w, https:\/\/folklorisce.si\/wp-content\/uploads\/2024\/01\/Folklorisce_ikone-16-768x768.png 768w, https:\/\/folklorisce.si\/wp-content\/uploads\/2024\/01\/Folklorisce_ikone-16-600x600.png 600w, https:\/\/folklorisce.si\/wp-content\/uploads\/2024\/01\/Folklorisce_ikone-16-100x100.png 100w\" sizes=\"auto, (max-width: 834px) 100vw, 834px\" \/><\/a>\n<a href=\"https:\/\/folklorisce.si\/?page_id=1469\"><img loading=\"lazy\" decoding=\"async\" width=\"834\" height=\"834\" src=\"https:\/\/folklorisce.si\/wp-content\/uploads\/2024\/01\/Folklorisce_ikone-15.png\" alt=\"\" class=\"wp-image-1468\" style=\"width: 32%; srcset=\"https:\/\/folklorisce.si\/wp-content\/uploads\/2024\/01\/Folklorisce_ikone-15.png 834w, https:\/\/folklorisce.si\/wp-content\/uploads\/2024\/01\/Folklorisce_ikone-15-300x300.png 300w, https:\/\/folklorisce.si\/wp-content\/uploads\/2024\/01\/Folklorisce_ikone-15-150x150.png 150w, https:\/\/folklorisce.si\/wp-content\/uploads\/2024\/01\/Folklorisce_ikone-15-768x768.png 768w, https:\/\/folklorisce.si\/wp-content\/uploads\/2024\/01\/Folklorisce_ikone-15-600x600.png 600w, https:\/\/folklorisce.si\/wp-content\/uploads\/2024\/01\/Folklorisce_ikone-15-100x100.png 100w\" sizes=\"auto, (max-width: 834px) 100vw, 834px\" \/><\/a>\n<a href=\"https:\/\/folklorisce.si\/?page_id=1476\"><img loading=\"lazy\" decoding=\"async\" width=\"834\" height=\"834\" src=\"https:\/\/folklorisce.si\/wp-content\/uploads\/2024\/01\/Folklorisce_ikone-14.png\" alt=\"\" class=\"wp-image-1475\" style=\"width: 32%; srcset=\"https:\/\/folklorisce.si\/wp-content\/uploads\/2024\/01\/Folklorisce_ikone-14.png 834w, https:\/\/folklorisce.si\/wp-content\/uploads\/2024\/01\/Folklorisce_ikone-14-300x300.png 300w, https:\/\/folklorisce.si\/wp-content\/uploads\/2024\/01\/Folklorisce_ikone-14-150x150.png 150w, https:\/\/folklorisce.si\/wp-content\/uploads\/2024\/01\/Folklorisce_ikone-14-768x768.png 768w, https:\/\/folklorisce.si\/wp-content\/uploads\/2024\/01\/Folklorisce_ikone-14-600x600.png 600w, https:\/\/folklorisce.si\/wp-content\/uploads\/2024\/01\/Folklorisce_ikone-14-100x100.png 100w\" sizes=\"auto, (max-width: 834px) 100vw, 834px\" \/><\/a>\n<\/div>\n\n<div class=\"peta vrsta\">\n<a href=\"https:\/\/folklorisce.si\/?page_id=1484\"><img loading=\"lazy\" decoding=\"async\" width=\"834\" height=\"834\" src=\"https:\/\/folklorisce.si\/wp-content\/uploads\/2024\/01\/Folklorisce_ikone-13.png\" alt=\"\" class=\"wp-image-1482\" style=\"width: 32%; srcset=\"https:\/\/folklorisce.si\/wp-content\/uploads\/2024\/01\/Folklorisce_ikone-13.png 834w, https:\/\/folklorisce.si\/wp-content\/uploads\/2024\/01\/Folklorisce_ikone-13-300x300.png 300w, https:\/\/folklorisce.si\/wp-content\/uploads\/2024\/01\/Folklorisce_ikone-13-150x150.png 150w, https:\/\/folklorisce.si\/wp-content\/uploads\/2024\/01\/Folklorisce_ikone-13-768x768.png 768w, https:\/\/folklorisce.si\/wp-content\/uploads\/2024\/01\/Folklorisce_ikone-13-600x600.png 600w, https:\/\/folklorisce.si\/wp-content\/uploads\/2024\/01\/Folklorisce_ikone-13-100x100.png 100w\" sizes=\"auto, (max-width: 834px) 100vw, 834px\" \/><\/a>\n<a href=\"https:\/\/folklorisce.si\/?page_id=1489\"><img loading=\"lazy\" decoding=\"async\" width=\"834\" height=\"834\" src=\"https:\/\/folklorisce.si\/wp-content\/uploads\/2024\/01\/Folklorisce_ikone-12.png\" alt=\"\" class=\"wp-image-1491\" style=\"width: 32%; srcset=\"https:\/\/folklorisce.si\/wp-content\/uploads\/2024\/01\/Folklorisce_ikone-12.png 834w, https:\/\/folklorisce.si\/wp-content\/uploads\/2024\/01\/Folklorisce_ikone-12-300x300.png 300w, https:\/\/folklorisce.si\/wp-content\/uploads\/2024\/01\/Folklorisce_ikone-12-150x150.png 150w, https:\/\/folklorisce.si\/wp-content\/uploads\/2024\/01\/Folklorisce_ikone-12-768x768.png 768w, https:\/\/folklorisce.si\/wp-content\/uploads\/2024\/01\/Folklorisce_ikone-12-600x600.png 600w, https:\/\/folklorisce.si\/wp-content\/uploads\/2024\/01\/Folklorisce_ikone-12-100x100.png 100w\" sizes=\"auto, (max-width: 834px) 100vw, 834px\" \/><\/a>\n<a href=\"https:\/\/folklorisce.si\/?page_id=1493\"><img loading=\"lazy\" decoding=\"async\" width=\"834\" height=\"834\" src=\"https:\/\/folklorisce.si\/wp-content\/uploads\/2024\/01\/Folklorisce_ikone-10.png\" alt=\"\" class=\"wp-image-1497\" style=\"width: 32%; srcset=\"https:\/\/folklorisce.si\/wp-content\/uploads\/2024\/01\/Folklorisce_ikone-10.png 834w, https:\/\/folklorisce.si\/wp-content\/uploads\/2024\/01\/Folklorisce_ikone-10-300x300.png 300w, https:\/\/folklorisce.si\/wp-content\/uploads\/2024\/01\/Folklorisce_ikone-10-150x150.png 150w, https:\/\/folklorisce.si\/wp-content\/uploads\/2024\/01\/Folklorisce_ikone-10-768x768.png 768w, https:\/\/folklorisce.si\/wp-content\/uploads\/2024\/01\/Folklorisce_ikone-10-600x600.png 600w, https:\/\/folklorisce.si\/wp-content\/uploads\/2024\/01\/Folklorisce_ikone-10-100x100.png 100w\" sizes=\"auto, (max-width: 834px) 100vw, 834px\" \/><\/a>\n<\/div>\n\n<div class=\"sesta vrsta\">\n<a href=\"https:\/\/folklorisce.si\/?page_id=1505\"><img loading=\"lazy\" decoding=\"async\" width=\"834\" height=\"834\" src=\"https:\/\/folklorisce.si\/wp-content\/uploads\/2024\/01\/Folklorisce_ikone-09.png\" alt=\"\" class=\"wp-image-1504\" style=\"width: 32%; srcset=\"https:\/\/folklorisce.si\/wp-content\/uploads\/2024\/01\/Folklorisce_ikone-09.png 834w, https:\/\/folklorisce.si\/wp-content\/uploads\/2024\/01\/Folklorisce_ikone-09-300x300.png 300w, https:\/\/folklorisce.si\/wp-content\/uploads\/2024\/01\/Folklorisce_ikone-09-150x150.png 150w, https:\/\/folklorisce.si\/wp-content\/uploads\/2024\/01\/Folklorisce_ikone-09-768x768.png 768w, https:\/\/folklorisce.si\/wp-content\/uploads\/2024\/01\/Folklorisce_ikone-09-600x600.png 600w, https:\/\/folklorisce.si\/wp-content\/uploads\/2024\/01\/Folklorisce_ikone-09-100x100.png 100w\" sizes=\"auto, (max-width: 834px) 100vw, 834px\" \/><\/a>\n<a href=\"https:\/\/folklorisce.si\/?page_id=1542\"><img loading=\"lazy\" decoding=\"async\" width=\"834\" height=\"834\" src=\"https:\/\/folklorisce.si\/wp-content\/uploads\/2024\/01\/Folklorisce_ikone-11-1.png\" alt=\"\" class=\"wp-image-1541\" style=\"width: 32%; srcset=\"https:\/\/folklorisce.si\/wp-content\/uploads\/2024\/01\/Folklorisce_ikone-11-1.png 834w, https:\/\/folklorisce.si\/wp-content\/uploads\/2024\/01\/Folklorisce_ikone-11-1-300x300.png 300w, https:\/\/folklorisce.si\/wp-content\/uploads\/2024\/01\/Folklorisce_ikone-11-1-150x150.png 150w, https:\/\/folklorisce.si\/wp-content\/uploads\/2024\/01\/Folklorisce_ikone-11-1-768x768.png 768w, https:\/\/folklorisce.si\/wp-content\/uploads\/2024\/01\/Folklorisce_ikone-11-1-600x600.png 600w, https:\/\/folklorisce.si\/wp-content\/uploads\/2024\/01\/Folklorisce_ikone-11-1-100x100.png 100w\" sizes=\"auto, (max-width: 834px) 100vw, 834px\" \/><\/a>\n<a href=\"https:\/\/folklorisce.si\/?page_id=1508\"><img loading=\"lazy\" decoding=\"async\" width=\"834\" height=\"834\" src=\"https:\/\/folklorisce.si\/wp-content\/uploads\/2024\/01\/Folklorisce_ikone-08.png\" alt=\"\" class=\"wp-image-1507\" style=\"width: 32%; srcset=\"https:\/\/folklorisce.si\/wp-content\/uploads\/2024\/01\/Folklorisce_ikone-08.png 834w, https:\/\/folklorisce.si\/wp-content\/uploads\/2024\/01\/Folklorisce_ikone-08-300x300.png 300w, https:\/\/folklorisce.si\/wp-content\/uploads\/2024\/01\/Folklorisce_ikone-08-150x150.png 150w, https:\/\/folklorisce.si\/wp-content\/uploads\/2024\/01\/Folklorisce_ikone-08-768x768.png 768w, https:\/\/folklorisce.si\/wp-content\/uploads\/2024\/01\/Folklorisce_ikone-08-600x600.png 600w, https:\/\/folklorisce.si\/wp-content\/uploads\/2024\/01\/Folklorisce_ikone-08-100x100.png 100w\" sizes=\"auto, (max-width: 834px) 100vw, 834px\" \/><\/a>\n<\/div>\n\n<div class=\"sedma vrsta\">\n<a href=\"https:\/\/folklorisce.si\/?page_id=1511\"><img loading=\"lazy\" decoding=\"async\" width=\"834\" height=\"834\" src=\"https:\/\/folklorisce.si\/wp-content\/uploads\/2024\/01\/Folklorisce_ikone-07.png\" alt=\"\" class=\"wp-image-1513\" style=\"width: 32%; srcset=\"https:\/\/folklorisce.si\/wp-content\/uploads\/2024\/01\/Folklorisce_ikone-07.png 834w, https:\/\/folklorisce.si\/wp-content\/uploads\/2024\/01\/Folklorisce_ikone-07-300x300.png 300w, https:\/\/folklorisce.si\/wp-content\/uploads\/2024\/01\/Folklorisce_ikone-07-150x150.png 150w, https:\/\/folklorisce.si\/wp-content\/uploads\/2024\/01\/Folklorisce_ikone-07-768x768.png 768w, https:\/\/folklorisce.si\/wp-content\/uploads\/2024\/01\/Folklorisce_ikone-07-600x600.png 600w, https:\/\/folklorisce.si\/wp-content\/uploads\/2024\/01\/Folklorisce_ikone-07-100x100.png 100w\" sizes=\"auto, (max-width: 834px) 100vw, 834px\" \/><\/a>\n<a href=\"https:\/\/folklorisce.si\/?page_id=1515\"><img loading=\"lazy\" decoding=\"async\" width=\"834\" height=\"834\" src=\"https:\/\/folklorisce.si\/wp-content\/uploads\/2024\/01\/Folklorisce_ikone-06.png\" alt=\"\" class=\"wp-image-1517\" style=\"width: 32%; srcset=\"https:\/\/folklorisce.si\/wp-content\/uploads\/2024\/01\/Folklorisce_ikone-06.png 834w, https:\/\/folklorisce.si\/wp-content\/uploads\/2024\/01\/Folklorisce_ikone-06-300x300.png 300w, https:\/\/folklorisce.si\/wp-content\/uploads\/2024\/01\/Folklorisce_ikone-06-150x150.png 150w, https:\/\/folklorisce.si\/wp-content\/uploads\/2024\/01\/Folklorisce_ikone-06-768x768.png 768w, https:\/\/folklorisce.si\/wp-content\/uploads\/2024\/01\/Folklorisce_ikone-06-600x600.png 600w, https:\/\/folklorisce.si\/wp-content\/uploads\/2024\/01\/Folklorisce_ikone-06-100x100.png 100w\" sizes=\"auto, (max-width: 834px) 100vw, 834px\" \/><\/a>\n<a href=\"https:\/\/folklorisce.si\/?page_id=1520\"><img loading=\"lazy\" decoding=\"async\" width=\"834\" height=\"834\" src=\"https:\/\/folklorisce.si\/wp-content\/uploads\/2024\/01\/Folklorisce_ikone-05.png\" alt=\"\" class=\"wp-image-1523\" style=\"width: 32%; srcset=\"https:\/\/folklorisce.si\/wp-content\/uploads\/2024\/01\/Folklorisce_ikone-05.png 834w, https:\/\/folklorisce.si\/wp-content\/uploads\/2024\/01\/Folklorisce_ikone-05-300x300.png 300w, https:\/\/folklorisce.si\/wp-content\/uploads\/2024\/01\/Folklorisce_ikone-05-150x150.png 150w, https:\/\/folklorisce.si\/wp-content\/uploads\/2024\/01\/Folklorisce_ikone-05-768x768.png 768w, https:\/\/folklorisce.si\/wp-content\/uploads\/2024\/01\/Folklorisce_ikone-05-600x600.png 600w, https:\/\/folklorisce.si\/wp-content\/uploads\/2024\/01\/Folklorisce_ikone-05-100x100.png 100w\" sizes=\"auto, (max-width: 834px) 100vw, 834px\" \/><\/a>\n<\/div>\n\n<div class=\"osma vrsta\">\n<a href=\"https:\/\/folklorisce.si\/?page_id=1526\"><img loading=\"lazy\" decoding=\"async\" width=\"834\" height=\"834\" src=\"https:\/\/folklorisce.si\/wp-content\/uploads\/2024\/01\/Folklorisce_ikone-04.png\" alt=\"\" class=\"wp-image-1528\" style=\"width: 32%; srcset=\"https:\/\/folklorisce.si\/wp-content\/uploads\/2024\/01\/Folklorisce_ikone-04.png 834w, https:\/\/folklorisce.si\/wp-content\/uploads\/2024\/01\/Folklorisce_ikone-04-300x300.png 300w, https:\/\/folklorisce.si\/wp-content\/uploads\/2024\/01\/Folklorisce_ikone-04-150x150.png 150w, https:\/\/folklorisce.si\/wp-content\/uploads\/2024\/01\/Folklorisce_ikone-04-768x768.png 768w, https:\/\/folklorisce.si\/wp-content\/uploads\/2024\/01\/Folklorisce_ikone-04-600x600.png 600w, https:\/\/folklorisce.si\/wp-content\/uploads\/2024\/01\/Folklorisce_ikone-04-100x100.png 100w\" sizes=\"auto, (max-width: 834px) 100vw, 834px\" \/><\/a>\n<a href=\"https:\/\/folklorisce.si\/?page_id=1531\"><img loading=\"lazy\" decoding=\"async\" width=\"834\" height=\"834\" src=\"https:\/\/folklorisce.si\/wp-content\/uploads\/2024\/01\/Folklorisce_ikone-03.png\" alt=\"\" class=\"wp-image-1529\" style=\"width: 32%; srcset=\"https:\/\/folklorisce.si\/wp-content\/uploads\/2024\/01\/Folklorisce_ikone-03.png 834w, https:\/\/folklorisce.si\/wp-content\/uploads\/2024\/01\/Folklorisce_ikone-03-300x300.png 300w, https:\/\/folklorisce.si\/wp-content\/uploads\/2024\/01\/Folklorisce_ikone-03-150x150.png 150w, https:\/\/folklorisce.si\/wp-content\/uploads\/2024\/01\/Folklorisce_ikone-03-768x768.png 768w, https:\/\/folklorisce.si\/wp-content\/uploads\/2024\/01\/Folklorisce_ikone-03-600x600.png 600w, https:\/\/folklorisce.si\/wp-content\/uploads\/2024\/01\/Folklorisce_ikone-03-100x100.png 100w\" sizes=\"auto, (max-width: 834px) 100vw, 834px\" \/><\/a>\n<a href=\"https:\/\/folklorisce.si\/?page_id=1500\"><img loading=\"lazy\" decoding=\"async\" width=\"834\" height=\"834\" src=\"https:\/\/folklorisce.si\/wp-content\/uploads\/2024\/01\/Folklorisce_ikone-01.png\" alt=\"\" class=\"wp-image-1536\" style=\"width: 32%; srcset=\"https:\/\/folklorisce.si\/wp-content\/uploads\/2024\/01\/Folklorisce_ikone-01.png 834w, https:\/\/folklorisce.si\/wp-content\/uploads\/2024\/01\/Folklorisce_ikone-01-300x300.png 300w, https:\/\/folklorisce.si\/wp-content\/uploads\/2024\/01\/Folklorisce_ikone-01-150x150.png 150w, https:\/\/folklorisce.si\/wp-content\/uploads\/2024\/01\/Folklorisce_ikone-01-768x768.png 768w, https:\/\/folklorisce.si\/wp-content\/uploads\/2024\/01\/Folklorisce_ikone-01-600x600.png 600w, https:\/\/folklorisce.si\/wp-content\/uploads\/2024\/01\/Folklorisce_ikone-01-100x100.png 100w\" sizes=\"auto, (max-width: 834px) 100vw, 834px\" \/><\/a>\n<\/div>\n\n\n<div class=\"deveta vrsta\">\n<a href=\"https:\/\/folklorisce.si\/?page_id=1569\">\n<img loading=\"lazy\" decoding=\"async\" width=\"834\" height=\"834\" src=\"https:\/\/folklorisce.si\/wp-content\/uploads\/2024\/01\/Folklorisce_ikone-02.png\" alt=\"\" class=\"wp-image-1537\" style=\"width:32%; srcset=\"https:\/\/folklorisce.si\/wp-content\/uploads\/2024\/01\/Folklorisce_ikone-02.png 834w, https:\/\/folklorisce.si\/wp-content\/uploads\/2024\/01\/Folklorisce_ikone-02-300x300.png 300w, https:\/\/folklorisce.si\/wp-content\/uploads\/2024\/01\/Folklorisce_ikone-02-150x150.png 150w, https:\/\/folklorisce.si\/wp-content\/uploads\/2024\/01\/Folklorisce_ikone-02-768x768.png 768w, https:\/\/folklorisce.si\/wp-content\/uploads\/2024\/01\/Folklorisce_ikone-02-600x600.png 600w, https:\/\/folklorisce.si\/wp-content\/uploads\/2024\/01\/Folklorisce_ikone-02-100x100.png 100w\" sizes=\"auto, (max-width: 834px) 100vw, 834px\" \/><\/a>\n<\/div>\n\n\n\n\n","protected":false},"excerpt":{"rendered":"<p>Pripravila: Anja Verderber Ritmi\u010dna to\u010dnost, ob\u010dutek za gibanje v skupini in v paru, orientacija v prostoru, sinhronost gibanja, zmo\u017enost hitrega [&hellip;]<\/p>\n","protected":false},"author":1,"featured_media":0,"parent":15,"menu_order":0,"comment_status":"closed","ping_status":"closed","template":"page-templates\/full-width.php","meta":{"footnotes":""},"class_list":["post-54","page","type-page","status-publish","hentry"],"_links":{"self":[{"href":"https:\/\/folklorisce.si\/index.php?rest_route=\/wp\/v2\/pages\/54","targetHints":{"allow":["GET"]}}],"collection":[{"href":"https:\/\/folklorisce.si\/index.php?rest_route=\/wp\/v2\/pages"}],"about":[{"href":"https:\/\/folklorisce.si\/index.php?rest_route=\/wp\/v2\/types\/page"}],"author":[{"embeddable":true,"href":"https:\/\/folklorisce.si\/index.php?rest_route=\/wp\/v2\/users\/1"}],"replies":[{"embeddable":true,"href":"https:\/\/folklorisce.si\/index.php?rest_route=%2Fwp%2Fv2%2Fcomments&post=54"}],"version-history":[{"count":48,"href":"https:\/\/folklorisce.si\/index.php?rest_route=\/wp\/v2\/pages\/54\/revisions"}],"predecessor-version":[{"id":1573,"href":"https:\/\/folklorisce.si\/index.php?rest_route=\/wp\/v2\/pages\/54\/revisions\/1573"}],"up":[{"embeddable":true,"href":"https:\/\/folklorisce.si\/index.php?rest_route=\/wp\/v2\/pages\/15"}],"wp:attachment":[{"href":"https:\/\/folklorisce.si\/index.php?rest_route=%2Fwp%2Fv2%2Fmedia&parent=54"}],"curies":[{"name":"wp","href":"https:\/\/api.w.org\/{rel}","templated":true}]}}