{"id":28,"date":"2022-01-13T19:27:00","date_gmt":"2022-01-13T19:27:00","guid":{"rendered":"https:\/\/folklorisce.si\/?page_id=28"},"modified":"2024-01-04T10:55:50","modified_gmt":"2024-01-04T10:55:50","slug":"zbirke-plesov","status":"publish","type":"page","link":"https:\/\/folklorisce.si\/?page_id=28","title":{"rendered":"Zbirke Plesov"},"content":{"rendered":"\n<p>Pripravil dr. Toma\u017e Simetinger<\/p>\n\n\n\n<figure class=\"wp-block-image size-large\"><img loading=\"lazy\" decoding=\"async\" width=\"1024\" height=\"683\" src=\"https:\/\/folklorisce.si\/wp-content\/uploads\/2024\/01\/DSC_0077-1024x683.jpg\" alt=\"\" class=\"wp-image-1373\" srcset=\"https:\/\/folklorisce.si\/wp-content\/uploads\/2024\/01\/DSC_0077-1024x683.jpg 1024w, https:\/\/folklorisce.si\/wp-content\/uploads\/2024\/01\/DSC_0077-300x200.jpg 300w, https:\/\/folklorisce.si\/wp-content\/uploads\/2024\/01\/DSC_0077-768x512.jpg 768w, https:\/\/folklorisce.si\/wp-content\/uploads\/2024\/01\/DSC_0077-1536x1024.jpg 1536w, https:\/\/folklorisce.si\/wp-content\/uploads\/2024\/01\/DSC_0077-2048x1365.jpg 2048w, https:\/\/folklorisce.si\/wp-content\/uploads\/2024\/01\/DSC_0077-600x400.jpg 600w\" sizes=\"auto, (max-width: 1024px) 100vw, 1024px\" \/><\/figure>\n\n\n\n<div style=\"height:52px\" aria-hidden=\"true\" class=\"wp-block-spacer\"><\/div>\n\n\n\n<p>Ena pomembnej\u0161ih informacij o plesu je njegova struktura. Na Slovenskem jo najpogosteje <strong>zapisujemo s kinetogrami oz. t. i. labanotacijo<\/strong>. Raziskovalci so skozi zgodovino na terenu rekonstruirali vrsto razli\u010dnih plesov in nastalo je ve\u010d plesnih zbirk. Tovrstni zapisi ka\u017eejo le osnovno strukturo gibanja, ki pa jo je, \u0161e posebej med (po)ustvarjalci, mo\u017eno interpretirati na ve\u010d na\u010dinov.<\/p>\n\n\n\n<p><strong>SEZNAM ZBIRK PLESOV<\/strong><\/p>\n\n\n\n<p>Dol\u0161ek, Ida, 2011: <em>\u0160pinerbal, litijski ples predilcev: dru\u017eabno \u017eivljenje predilni\u0161kih delavcev v \u010dasu med obema vojnama<\/em>. \u0160martno pri Litiji: Biroservis.<\/p>\n\n\n\n<p>Jagodic, Marija in Iko Otrin, 1958: <em>Narodopisna podoba Meng\u0161a in okolice<\/em>..Ljubljana: ObLO.<\/p>\n\n\n\n<p>Ko\u0161uta, Miran (et al.), 1985: <em>Deklica, podaj roko: ljudski plesi, pesmi in no\u0161a Slovencev v Italiji<\/em>. Trst: Zalo\u017eni\u0161tvo tr\u017ea\u0161kega tiska.<\/p>\n\n\n\n<p>Makarovi\u010d, Marija, Teja Ropo\u0161a in Ludvik Mori, 1996: <em>No\u0161e, plesi in \u0161ege: od Mute do Kaple<\/em>. Muta, Radlje: Odbor za kulturo in turizem.<\/p>\n\n\n\n<p>Ramov\u0161, Mirko in Branko Fuchs, 2017: <em>Plesna dedi\u0161\u010dine med Bo\u010dem in Pohorjem<\/em>. Ljubljana: Javni sklad RS za kulturne dejavnosti.<\/p>\n\n\n\n<p>Ramov\u0161, Mirko, 1976: <em>Le plesat me pelji: plesno izro\u010dilo na Slovenskem<\/em>. Ljubljana: Cankarjeva zalo\u017eba.<\/p>\n\n\n\n<p>\u2013 \u2013, 1992: <em>Polka je ukazana: Plesno izro\u010dilo na Slovenskem. Gorenjska, Dolenjska Notranjska<\/em>. Ljubljana: Kres.<\/p>\n\n\n\n<p>\u2013 \u2013, 1995: <em>Polka je ukazana: Plesno izro\u010dilo na Slovenskem. Bela Krajina in Kostel<\/em>. Ljubljana: Kres.<\/p>\n\n\n\n<p>\u2013 \u2013, 1996: <em>Polka je ukazana: Plesno izro\u010dilo na Slovenskem. Prekmurje in Porabje<\/em>. Ljubljana: Kres.&nbsp;<\/p>\n\n\n\n<p>\u2013 \u2013, 1997: <em>Polka je ukazana: Plesno izro\u010dilo na Slovenskem. Vzhodna \u0160tajerska<\/em>. Ljubljana: Kres.<\/p>\n\n\n\n<p>\u2013 \u2013, 1998: Polka je ukazana<em>: Plesno izro\u010dilo na Slovenskem. Od slovenske Istre do Trente<\/em>. Prvi del. Ljubljana: Kres.<\/p>\n\n\n\n<p>\u2013 \u2013, 1999: <em>Polka je ukazana: Plesno izro\u010dilo na Slovenskem. Od slovenske Istre do Trente<\/em>. Drugi del. Ljubljana: Kres.<\/p>\n\n\n\n<p>\u2013 \u2013, 2000: <em>Polka je ukazana: Plesno izro\u010dilo na Slovenskem. Koro\u0161ka in zahodna \u0160tajerska<\/em>. Ljubljana: Kres.<\/p>\n\n\n\n<p>Ravnikar, Bruno, 1980: <em>Kinetografija<\/em>. Ljubljana: Zveza kulturnih organizacija Slovenije. (Delo je zbirka plesov nekdanjih jugoslovanskih de\u017eel, a je bilo nekaj plesov zapisanih tudi na Slovenskem.)<\/p>\n\n\n\n<p>\u2013 \u2013, 2008: Po sledeh ljudskega plesa na Blokah. <em>Folklornik <\/em>4. 19\u201328.<\/p>\n\n\n\n<p>\u2013 \u2013, 2012: Plesi iz doline Kamni\u0161ke Bistrice in Tuhinjske doline. <em>Kamni\u0161ki zbornik <\/em>21. 175\u2013182.<\/p>\n\n\n\n<p>Simetinger, Toma\u017e, 2022: <em>Plesna kultura na Koro\u0161kem: od prvih virov do sredine 20. stoletja (Me\u017ei\u0161ka dolina)<\/em>. Ljubljana: Javni sklad RS za kulturne dejavnosti.<\/p>\n\n\n\n<p>\u0160u\u0161tar, Marija, 1958: <em>Slovenski ljudski plesi Primorske<\/em>. Ljubljana: Glasbenonarodopisni in\u0161titut.<\/p>\n\n\n\n<p>\u2013 \u2013, 1968: <em>Slovenski ljudski plesi Prekmurja<\/em>. Ljubljana: Glasbenonarodopisni in\u0161titut.<\/p>\n","protected":false},"excerpt":{"rendered":"<p>Pripravil dr. Toma\u017e Simetinger Ena pomembnej\u0161ih informacij o plesu je njegova struktura. Na Slovenskem jo najpogosteje zapisujemo s kinetogrami oz. [&hellip;]<\/p>\n","protected":false},"author":1,"featured_media":0,"parent":0,"menu_order":0,"comment_status":"closed","ping_status":"closed","template":"page-templates\/full-width.php","meta":{"footnotes":""},"class_list":["post-28","page","type-page","status-publish","hentry"],"_links":{"self":[{"href":"https:\/\/folklorisce.si\/index.php?rest_route=\/wp\/v2\/pages\/28","targetHints":{"allow":["GET"]}}],"collection":[{"href":"https:\/\/folklorisce.si\/index.php?rest_route=\/wp\/v2\/pages"}],"about":[{"href":"https:\/\/folklorisce.si\/index.php?rest_route=\/wp\/v2\/types\/page"}],"author":[{"embeddable":true,"href":"https:\/\/folklorisce.si\/index.php?rest_route=\/wp\/v2\/users\/1"}],"replies":[{"embeddable":true,"href":"https:\/\/folklorisce.si\/index.php?rest_route=%2Fwp%2Fv2%2Fcomments&post=28"}],"version-history":[{"count":4,"href":"https:\/\/folklorisce.si\/index.php?rest_route=\/wp\/v2\/pages\/28\/revisions"}],"predecessor-version":[{"id":1374,"href":"https:\/\/folklorisce.si\/index.php?rest_route=\/wp\/v2\/pages\/28\/revisions\/1374"}],"wp:attachment":[{"href":"https:\/\/folklorisce.si\/index.php?rest_route=%2Fwp%2Fv2%2Fmedia&parent=28"}],"curies":[{"name":"wp","href":"https:\/\/api.w.org\/{rel}","templated":true}]}}