{"id":1511,"date":"2024-01-09T13:27:32","date_gmt":"2024-01-09T13:27:32","guid":{"rendered":"https:\/\/folklorisce.si\/?page_id=1511"},"modified":"2024-01-09T13:27:40","modified_gmt":"2024-01-09T13:27:40","slug":"zapomni-si-pozicijo","status":"publish","type":"page","link":"https:\/\/folklorisce.si\/?page_id=1511","title":{"rendered":"ZAPOMNI SI POZICIJO"},"content":{"rendered":"<p><strong>Namen:<\/strong> razvijanje koordinacije v prostoru, skupinske koordinacije in hitrega odzivanja<\/p>\n<p><strong>Opis:<\/strong> Pred opravljanjem naloge dolo\u010dimo natan\u010dno pozicijo \u010dlanov skupine v prostoru (na dolo\u010deni \u010drti, 3 metre od ogledala, pod uro itd.) Gibamo se po prostoru, na vnaprej dogovorjeni znak se \u010dim hitreje postavimo na prej dolo\u010deno pozicijo v prostoru.<\/p>\n","protected":false},"excerpt":{"rendered":"<p>Namen: razvijanje koordinacije v prostoru, skupinske koordinacije in hitrega odzivanja Opis: Pred opravljanjem naloge dolo\u010dimo natan\u010dno pozicijo \u010dlanov skupine v [&hellip;]<\/p>\n","protected":false},"author":1,"featured_media":0,"parent":0,"menu_order":0,"comment_status":"closed","ping_status":"closed","template":"","meta":{"footnotes":""},"class_list":["post-1511","page","type-page","status-publish","hentry"],"_links":{"self":[{"href":"https:\/\/folklorisce.si\/index.php?rest_route=\/wp\/v2\/pages\/1511","targetHints":{"allow":["GET"]}}],"collection":[{"href":"https:\/\/folklorisce.si\/index.php?rest_route=\/wp\/v2\/pages"}],"about":[{"href":"https:\/\/folklorisce.si\/index.php?rest_route=\/wp\/v2\/types\/page"}],"author":[{"embeddable":true,"href":"https:\/\/folklorisce.si\/index.php?rest_route=\/wp\/v2\/users\/1"}],"replies":[{"embeddable":true,"href":"https:\/\/folklorisce.si\/index.php?rest_route=%2Fwp%2Fv2%2Fcomments&post=1511"}],"version-history":[{"count":1,"href":"https:\/\/folklorisce.si\/index.php?rest_route=\/wp\/v2\/pages\/1511\/revisions"}],"predecessor-version":[{"id":1512,"href":"https:\/\/folklorisce.si\/index.php?rest_route=\/wp\/v2\/pages\/1511\/revisions\/1512"}],"wp:attachment":[{"href":"https:\/\/folklorisce.si\/index.php?rest_route=%2Fwp%2Fv2%2Fmedia&parent=1511"}],"curies":[{"name":"wp","href":"https:\/\/api.w.org\/{rel}","templated":true}]}}