{"id":1320,"date":"2024-01-04T09:04:50","date_gmt":"2024-01-04T09:04:50","guid":{"rendered":"https:\/\/folklorisce.si\/?page_id=1320"},"modified":"2024-01-08T09:54:16","modified_gmt":"2024-01-08T09:54:16","slug":"crjanske-pravljice-2","status":"publish","type":"page","link":"https:\/\/folklorisce.si\/?page_id=1320","title":{"rendered":"\u010cRJANSKE PRAVLJICE"},"content":{"rendered":"<p>V sodelovanju z ob\u010dino \u010crna na Koro\u0161kem ter z Radiem Slovenija je nastal projekt \u010crjanske pravljice. Ta zajema osem radijskih otro\u0161kih iger, osnovanih na ljudskem ustnem izro\u010dilu. V vsaki izmed njih je predstavljeno eno bajeslovno bitje ali motiv iz pravljic s podro\u010dja \u010crne na Koro\u0161kem. Pravljice so zvo\u010dno podkrepljene z glasbo, ki prav tako temelji na motivih ljudske glasbe.<\/p>\n<p>\u010crjanske pravljice so lahko zanimivo u\u010dno gradivo za raziskovanje in pogovor v sklopu folklornega kro\u017eka.<\/p>\n<table width=\"100%\">\n<tr>\n<td align=\"left\" valign=\"top\" width=\"25%\">\n<figure class=\"wp-block-embed is-type-video is-provider-youtube wp-block-embed-youtube wp-embed-aspect-4-3 wp-has-aspect-ratio\">\n<div class=\"wp-block-embed__wrapper\">\n<iframe loading=\"lazy\" title=\"\u010crjanske pravljice: \u0160kopnek\" width=\"780\" height=\"585\" src=\"https:\/\/www.youtube.com\/embed\/6zKjzt6vMt4?start=2&#038;feature=oembed\" frameborder=\"0\" allow=\"accelerometer; autoplay; clipboard-write; encrypted-media; gyroscope; picture-in-picture; web-share\" allowfullscreen><\/iframe>\n<\/div>\n<\/figure>\n<\/td>\n<td align=\"left\" valign=\"top\" width=\"25%\">\n<figure class=\"wp-block-embed is-type-video is-provider-youtube wp-block-embed-youtube wp-embed-aspect-4-3 wp-has-aspect-ratio\">\n<div class=\"wp-block-embed__wrapper\">\n<iframe loading=\"lazy\" title=\"\u010crjanske pravljice: O nastanku \u010crne\" width=\"780\" height=\"585\" src=\"https:\/\/www.youtube.com\/embed\/dLvOMIxAaIk?feature=oembed\" frameborder=\"0\" allow=\"accelerometer; autoplay; clipboard-write; encrypted-media; gyroscope; picture-in-picture; web-share\" allowfullscreen><\/iframe>\n<\/div>\n<\/figure>\n<\/td>\n<td align=\"left\" valign=\"top\" width=\"25%\">\n<figure class=\"wp-block-embed is-type-video is-provider-youtube wp-block-embed-youtube wp-embed-aspect-4-3 wp-has-aspect-ratio\">\n<div class=\"wp-block-embed__wrapper\">\n<iframe loading=\"lazy\" title=\"\u010crjanske pravljice: Divja jaga\" width=\"780\" height=\"585\" src=\"https:\/\/www.youtube.com\/embed\/riG5EAYT2P4?feature=oembed\" frameborder=\"0\" allow=\"accelerometer; autoplay; clipboard-write; encrypted-media; gyroscope; picture-in-picture; web-share\" allowfullscreen><\/iframe>\n<\/div>\n<\/figure>\n<\/td>\n<td align=\"left\" valign=\"top\" width=\"25%\">\n<figure class=\"wp-block-embed is-type-video is-provider-youtube wp-block-embed-youtube wp-embed-aspect-4-3 wp-has-aspect-ratio\">\n<div class=\"wp-block-embed__wrapper\">\n<iframe loading=\"lazy\" title=\"\u010crjanske pravljice: \u017dal \u017eene\" width=\"780\" height=\"585\" src=\"https:\/\/www.youtube.com\/embed\/Qvnh3a-X2RE?feature=oembed\" frameborder=\"0\" allow=\"accelerometer; autoplay; clipboard-write; encrypted-media; gyroscope; picture-in-picture; web-share\" allowfullscreen><\/iframe>\n<\/div>\n<\/figure>\n<\/td>\n<\/tr>\n<\/table>\n<table width=\"100%\">\n<tr>\n<td align=\"left\" valign=\"top\" width=\"25%\">\n<figure class=\"wp-block-embed is-type-video is-provider-youtube wp-block-embed-youtube wp-embed-aspect-4-3 wp-has-aspect-ratio\">\n<div class=\"wp-block-embed__wrapper\">\n<iframe loading=\"lazy\" title=\"\u010crjanske pravljice: Gorski \u0161krat\" width=\"780\" height=\"585\" src=\"https:\/\/www.youtube.com\/embed\/b3C7mUMnkuA?feature=oembed\" frameborder=\"0\" allow=\"accelerometer; autoplay; clipboard-write; encrypted-media; gyroscope; picture-in-picture; web-share\" allowfullscreen><\/iframe>\n<\/div>\n<\/figure>\n<\/td>\n<td align=\"left\" valign=\"top\" width=\"25%\">\n<figure class=\"wp-block-embed is-type-video is-provider-youtube wp-block-embed-youtube wp-embed-aspect-4-3 wp-has-aspect-ratio\">\n<div class=\"wp-block-embed__wrapper\">\n<iframe loading=\"lazy\" title=\"\u010crjanske pravljice: Povodni mo\u017e\" width=\"780\" height=\"585\" src=\"https:\/\/www.youtube.com\/embed\/Vy1kRK8XsG0?feature=oembed\" frameborder=\"0\" allow=\"accelerometer; autoplay; clipboard-write; encrypted-media; gyroscope; picture-in-picture; web-share\" allowfullscreen><\/iframe>\n<\/div>\n<\/figure>\n<\/td>\n<td align=\"left\" valign=\"top\" width=\"25%\">\n<figure class=\"wp-block-embed is-type-video is-provider-youtube wp-block-embed-youtube wp-embed-aspect-4-3 wp-has-aspect-ratio\">\n<div class=\"wp-block-embed__wrapper\">\n<iframe loading=\"lazy\" title=\"\u010crjanske pravljice: Gozdni mo\u017e\" width=\"780\" height=\"585\" src=\"https:\/\/www.youtube.com\/embed\/AYmR6WsQDZ0?feature=oembed\" frameborder=\"0\" allow=\"accelerometer; autoplay; clipboard-write; encrypted-media; gyroscope; picture-in-picture; web-share\" allowfullscreen><\/iframe>\n<\/div>\n<\/figure>\n<\/td>\n<td align=\"left\" valign=\"top\" width=\"25%\">\n<figure class=\"wp-block-embed is-type-video is-provider-youtube wp-block-embed-youtube wp-embed-aspect-4-3 wp-has-aspect-ratio\">\n<div class=\"wp-block-embed__wrapper\">\n<iframe loading=\"lazy\" title=\"\u010crjanske pravljice: Kralj Matja\u017e\" width=\"780\" height=\"585\" src=\"https:\/\/www.youtube.com\/embed\/rkchyve87vk?feature=oembed\" frameborder=\"0\" allow=\"accelerometer; autoplay; clipboard-write; encrypted-media; gyroscope; picture-in-picture; web-share\" allowfullscreen><\/iframe>\n<\/div>\n<\/figure>\n<\/td>\n<\/tr>\n<\/table>\n","protected":false},"excerpt":{"rendered":"<p>V sodelovanju z ob\u010dino \u010crna na Koro\u0161kem ter z Radiem Slovenija je nastal projekt \u010crjanske pravljice. Ta zajema osem radijskih [&hellip;]<\/p>\n","protected":false},"author":1,"featured_media":0,"parent":0,"menu_order":0,"comment_status":"closed","ping_status":"closed","template":"","meta":{"footnotes":""},"class_list":["post-1320","page","type-page","status-publish","hentry"],"_links":{"self":[{"href":"https:\/\/folklorisce.si\/index.php?rest_route=\/wp\/v2\/pages\/1320","targetHints":{"allow":["GET"]}}],"collection":[{"href":"https:\/\/folklorisce.si\/index.php?rest_route=\/wp\/v2\/pages"}],"about":[{"href":"https:\/\/folklorisce.si\/index.php?rest_route=\/wp\/v2\/types\/page"}],"author":[{"embeddable":true,"href":"https:\/\/folklorisce.si\/index.php?rest_route=\/wp\/v2\/users\/1"}],"replies":[{"embeddable":true,"href":"https:\/\/folklorisce.si\/index.php?rest_route=%2Fwp%2Fv2%2Fcomments&post=1320"}],"version-history":[{"count":5,"href":"https:\/\/folklorisce.si\/index.php?rest_route=\/wp\/v2\/pages\/1320\/revisions"}],"predecessor-version":[{"id":1396,"href":"https:\/\/folklorisce.si\/index.php?rest_route=\/wp\/v2\/pages\/1320\/revisions\/1396"}],"wp:attachment":[{"href":"https:\/\/folklorisce.si\/index.php?rest_route=%2Fwp%2Fv2%2Fmedia&parent=1320"}],"curies":[{"name":"wp","href":"https:\/\/api.w.org\/{rel}","templated":true}]}}