{"id":1054,"date":"2023-11-14T20:37:22","date_gmt":"2023-11-14T20:37:22","guid":{"rendered":"https:\/\/folklorisce.si\/?page_id=1054"},"modified":"2024-01-05T10:25:01","modified_gmt":"2024-01-05T10:25:01","slug":"vokalna-glasba","status":"publish","type":"page","link":"https:\/\/folklorisce.si\/?page_id=1054","title":{"rendered":"Vokalna glasba"},"content":{"rendered":"\n<p>Pripravil: Klemen Bojanovi\u010d<\/p>\n\n\n\n<figure class=\"wp-block-image size-large\"><img loading=\"lazy\" decoding=\"async\" width=\"1024\" height=\"683\" src=\"https:\/\/folklorisce.si\/wp-content\/uploads\/2023\/11\/DSC_0652-1024x683.jpg\" alt=\"\" class=\"wp-image-1068\" srcset=\"https:\/\/folklorisce.si\/wp-content\/uploads\/2023\/11\/DSC_0652-1024x683.jpg 1024w, https:\/\/folklorisce.si\/wp-content\/uploads\/2023\/11\/DSC_0652-300x200.jpg 300w, https:\/\/folklorisce.si\/wp-content\/uploads\/2023\/11\/DSC_0652-768x512.jpg 768w, https:\/\/folklorisce.si\/wp-content\/uploads\/2023\/11\/DSC_0652-1536x1024.jpg 1536w, https:\/\/folklorisce.si\/wp-content\/uploads\/2023\/11\/DSC_0652-2048x1365.jpg 2048w, https:\/\/folklorisce.si\/wp-content\/uploads\/2023\/11\/DSC_0652-600x400.jpg 600w\" sizes=\"auto, (max-width: 1024px) 100vw, 1024px\" \/><\/figure>\n\n\n\n<div style=\"height:30px\" aria-hidden=\"true\" class=\"wp-block-spacer\"><\/div>\n\n\n\n<p>Pri folklornih skupinah imajo akterji na odru dvojno vlogo: predstavijo se kot plesalci in tudi kot pevci. Za dobro pevsko izvedbo na odru je treba upo\u0161tevati ve\u010d korakov.<\/p>\n\n\n\n<p><strong>1. IZBOR IN PRIPRAVA PESMI<\/strong><\/p>\n\n\n\n<p><strong>1.1 Glasbena ustreznost skladbe<\/strong><\/p>\n\n\n\n<p>Pri izboru skladbe moramo biti pozorni na obseg skladbe (najni\u017eji in najvi\u0161ji toni skladbe), pri \u010demer moramo upo\u0161tevati svojo pevsko zasedbo in glasovne zmo\u017enosti posameznega pevca.<\/p>\n\n\n\n<p><strong>1.1.1 Intonacija skladbe glede na glasovne zmo\u017enosti<\/strong><\/p>\n\n\n\n<p>Pesmi naj ne bodo prenizko intonirane, pevci do vklju\u010dno 5. razreda te\u017eko zapojejo tone pod c1. Prav tako je treba paziti, da najvi\u0161ji toni skladbe niso previsoki. Vsekakor je dobro premisliti o zmo\u017enostih posameznih pevcev in pevske skupine ter glede na to intonirati pesem.<\/p>\n\n\n\n<p><strong>1.1.2 Intonacija skladbe glede na spremljevalno glasbilo<\/strong><\/p>\n\n\n\n<p>\u010ce pevci pojejo ob spremljavi in\u0161trumenta, moramo pri intoniranju skladbe pomisliti, s katerim tonom (na kateri vi\u0161ini) glasbenik, ki spremlja ples, kon\u010da igranje pred vstopom pevcev. In\u0161trument in pevci morajo biti ugla\u0161eni, vsi morajo izvajati v tonskem obsegu, ki ustreza tako pevcem kot glasbilu.<\/p>\n\n\n\n<p><strong>1.2 Vsebinska ustreznost skladbe<\/strong><\/p>\n\n\n\n<p>Pomembno je, da pevska skladba vsebinsko (pomensko) ustreza celotni postavitvi na odru.<\/p>\n\n\n\n<p><strong>2. U\u010cENJE PESMI<\/strong><\/p>\n\n\n\n<p><strong>2.1 U\u010denje pesmi po korakih<\/strong><\/p>\n\n\n\n<p><strong>2.1.1 U\u010denje z metodo imitacije<\/strong><\/p>\n\n\n\n<p>Pevce u\u010dimo tako, da vnaprej zapojemo dolo\u010dene kraj\u0161e glasbene fraze, oni pa&nbsp;ponovijo za nami. Po\u010dasi dodajamo vedno novo frazo, da&nbsp;pridemo do konca pesmi. Pri metodi imitacije je pomembno, da smo vseskozi pozorni na natan\u010dno ritmi\u010dno, melodi\u010dno in besedilno ponavljanje pevcev.&nbsp;<\/p>\n\n\n\n<p><strong>2.1.2 Ritmi\u010dna izreka besedila<\/strong><\/p>\n\n\n\n<p>Pri te\u017ejih ritmi\u010dnih vzorcih si lahko pomagamo tudi z izgovarjanjem besed v&nbsp;ritmu, ki ga predvideva pesem, brez melodije. To lahko uporabimo tudi pri nezahtevnih ritmih, rezultat pa je natan\u010dnej\u0161e in bolj poenoteno izgovarjanje posameznih besed v pesmi, kar vpliva na bolj\u0161e razumevanje besedila in bolj\u0161o ugla\u0161enost pevcev.<\/p>\n\n\n\n<p><strong>2.1.3 Razlo\u010dna izgovarjava besedila<\/strong><\/p>\n\n\n\n<p>Pomembno je, da pevce med pevskim izvajanjem samoglasnikov spodbujamo k premikanju spodnje \u010deljusti navzdol, pri \u010demer naj jezik spro\u0161\u010deno po\u010diva na spodnjih prednjih zobeh. Soglasnike naj pevci izgovarjajo razlo\u010dno, ostro in hitro. Tako se bo besedilo bolje razumelo. To so tudi koraki k bolj\u0161i intonaciji in bolj\u0161emu zvenu pevske skupine.<\/p>\n\n\n\n<p><strong>2.2 Dihanje\u00a0<\/strong><\/p>\n\n\n\n<p>Dihanje je pri petju in tudi drugem glasbenem izvajanju klju\u010dnega pomena. Dih v glasbo uvede gibanje, spro\u0161\u010denost, pri usklajenih vdihih v skupini pa ob\u010dutek povezanosti med izvajalci.<\/p>\n\n\n\n<p><strong>2.2.1 Dobro in u\u010dinkovito pevsko dihanje<\/strong><\/p>\n\n\n\n<p>Za dobro pevsko izvedbo je pomemben dober vdih pred petjem. Pri pravilnem pevskem vdihu se prsni ko\u0161 razpre, rebra se pomaknejo navzven, trebu\u0161na prepona, ki je pritrjena na rebra, se vzravna in potisne organe trebu\u0161ne votline navzdol, zato se trebuh premakne navzven. Pri petju je dobro \u010dim dlje ohranjati tovrstno odprto dr\u017eo, ki daje glasu oporo in mo\u010d.<\/p>\n\n\n\n<p><strong>2.2.2 Skupni za\u010detni vdih<\/strong><\/p>\n\n\n\n<p>Za dobro pevsko izvedbo je klju\u010dnega pomena za\u010detni skupni vdih.&nbsp;\u010ce se pesem za\u010dne s petjem naprej, potem morajo pevci, ki se priklju\u010dijo kasneje, to\u010dno vedeti, kdaj in kako vdihniti, da bodo lahko to\u010dno vstopili s petjem.&nbsp;<\/p>\n\n\n\n<p>\u010ce pa vsi pevci v pesem vstopijo hkrati, je dobro, da se dolo\u010di enega pevca, ki bo s svojim vdihom nakazal za\u010detek skladbe, da bodo lahko vsi vstopili hkrati.&nbsp;<\/p>\n\n\n\n<p>Za\u010detni vdih naka\u017ee karakter (zna\u010daj) in tempo skladbe. Pri po\u010dasnih, umirjenih, ne\u017enih skladbah, kot je <em>Vsi so venci vejli<\/em>, je vdih umirjen, po\u010dasen \u2013 ustreza tempu (hitrosti) skladbe. Pri hitrej\u0161ih, bolj posko\u010dnih, \u017eivahnej\u0161ih skladbah, kot je <em>Marko ska\u010de<\/em>, je vdih hitrej\u0161i, \u017eivahnej\u0161i.<\/p>\n\n\n\n<p><strong>2.2.3 Vdihi znotraj skladbe<\/strong><\/p>\n\n\n\n<p>Vdihe znotraj skladbe dolo\u010dimo vnaprej, da vsi pevci dihajo na enakih mestih. Dobro je dihe vnesti na smiselnih mestih in se pri tem izogibati vdihom med posameznimi besedami.<\/p>\n\n\n\n<p><strong>2.3 Kako nau\u010diti te\u017eje dele skladb<\/strong><\/p>\n\n\n\n<p>Nekatere skladbe vsebujejo ve\u010dje skoke, zato je za dobro izvedbo potrebna bolj\u0161a pevska pripravljenost. Ve\u010dje skoke vadimo posebej. Samo skok, kraj\u0161i del pesmi. Pomembno je, da smo pri u\u010denju natan\u010dni, da je skok res dovolj visok ali dovolj nizek (na primer v pesmi <em>Ob bistrem potoku je mlin<\/em>). Ko pevci znajo posamezne skoke, posamezne kraj\u0161e dele skladbe, lahko po\u010dasi pojemo dalj\u0161e fraze, na koncu celo pesem. Mo\u017eno je tudi, da pri kraj\u0161ih delih ni ve\u010d te\u017eav, ko pa posku\u0161amo zapeti ve\u010dji del ali celoto, pa zopet nastopijo te\u017eave. Tudi za to so potrebne vaje, potreben je \u010das.<\/p>\n\n\n\n<p><strong>3. ENOGLASJE ALI VE\u010cGLASJE?<\/strong><\/p>\n\n\n\n<p>Ve\u010dglasje zveni bolj polno in milozvo\u010dno, vendar le, \u010de je izvedeno dobro, samozavestno in \u010disto. \u010ce je ve\u010dglasje slabo pripravljeno, ne zveni prijetno.&nbsp;Priporo\u010dljivo je, da vsi pevci spoznajo pesem v enoglasju, in ko je le-to \u010disto in natan\u010dno, poskusimo poiskati naslednji glas.<\/p>\n\n\n\n<p><strong>4. ODRSKA IZVEDBA<\/strong><\/p>\n\n\n\n<p><strong>4.1 \u010cas pred nastopom<\/strong><\/p>\n\n\n\n<p>Pred nastopom imamo \u010das za spodbudo, za upevanje pevcev, ogrevanje glasilk. Lahko se prepoje dve ali tri pesmi, ki jih otroci znajo, ob katerih se dobro po\u010dutijo in ki jim dajo pozitivno energijo. Na koncu se ponovi tudi pesem, ki jo bodo izvajali na odru. Takrat ni ve\u010d \u010dasa za popravke ali za grajo. \u010cas je za spodbudo, za to, da se pevci spomnijo, kako so vadili, na kaj so bili pozorni. Pomembno je, da pevci \u010dutijo zaupanje vodje, da bodo nastop dobro opravili.<\/p>\n\n\n\n<p><strong>4.2 Na odru<\/strong><\/p>\n\n\n\n<p>Pevci naj stojijo tako, da se jih \u010dim bolje sli\u0161i in vidi ter da se tudi med seboj dobro sli\u0161ijo in vidijo. Na tonski vaji se mora prepeti tudi pesem, ki jo bodo kasneje peli, obenem pa jih je treba vpra\u0161ati, ali se sli\u0161ijo. Pomembno je, da tudi sami znajo povedati, ali se dobro po\u010dutijo v dolo\u010deni postavitvi, predvsem pa, ali se dobro sli\u0161ijo in vidijo.<\/p>\n","protected":false},"excerpt":{"rendered":"<p>Pripravil: Klemen Bojanovi\u010d Pri folklornih skupinah imajo akterji na odru dvojno vlogo: predstavijo se kot plesalci in tudi kot pevci. [&hellip;]<\/p>\n","protected":false},"author":1,"featured_media":0,"parent":0,"menu_order":0,"comment_status":"closed","ping_status":"closed","template":"","meta":{"footnotes":""},"class_list":["post-1054","page","type-page","status-publish","hentry"],"_links":{"self":[{"href":"https:\/\/folklorisce.si\/index.php?rest_route=\/wp\/v2\/pages\/1054","targetHints":{"allow":["GET"]}}],"collection":[{"href":"https:\/\/folklorisce.si\/index.php?rest_route=\/wp\/v2\/pages"}],"about":[{"href":"https:\/\/folklorisce.si\/index.php?rest_route=\/wp\/v2\/types\/page"}],"author":[{"embeddable":true,"href":"https:\/\/folklorisce.si\/index.php?rest_route=\/wp\/v2\/users\/1"}],"replies":[{"embeddable":true,"href":"https:\/\/folklorisce.si\/index.php?rest_route=%2Fwp%2Fv2%2Fcomments&post=1054"}],"version-history":[{"count":2,"href":"https:\/\/folklorisce.si\/index.php?rest_route=\/wp\/v2\/pages\/1054\/revisions"}],"predecessor-version":[{"id":1069,"href":"https:\/\/folklorisce.si\/index.php?rest_route=\/wp\/v2\/pages\/1054\/revisions\/1069"}],"wp:attachment":[{"href":"https:\/\/folklorisce.si\/index.php?rest_route=%2Fwp%2Fv2%2Fmedia&parent=1054"}],"curies":[{"name":"wp","href":"https:\/\/api.w.org\/{rel}","templated":true}]}}